--
-- Host: localhost    Database: server453221_bench118
-- ------------------------------------------------------


--
-- Table structure for table `ahc_browsers`
--

CREATE TABLE `ahc_browsers` (
  `bsr_id` int(3) unsigned NOT NULL AUTO_INCREMENT,
  `bsr_name` varchar(100) NOT NULL,
  `bsr_icon` varchar(50) DEFAULT NULL,
  `bsr_visits` int(11) NOT NULL DEFAULT 0,
  `site_id` int(11) NOT NULL DEFAULT 1,
  PRIMARY KEY (`bsr_id`)
) ENGINE=InnoDB AUTO_INCREMENT=15 DEFAULT CHARSET=utf8mb3 COLLATE=utf8mb3_general_ci;

--
-- Dumping data for table `ahc_browsers`
--

set autocommit=0;
INSERT INTO `ahc_browsers` VALUES
(1,'IE','ie.png',0,1),
(2,'Firefox','firefox.png',1,1),
(3,'Netscape','netscape.png',0,1),
(4,'Chrome','chrome.png',0,1),
(5,'Gecko/Mozilla','mozilla.png',0,1),
(6,'Opera Mini','opera.png',0,1),
(7,'Opera','opera.png',0,1),
(8,'Safari','safari.png',0,1),
(9,'iPad','ipad.png',0,1),
(10,'Android','android.png',0,1),
(11,'AIR','air.png',0,1),
(12,'Fluid','fluid.png',0,1),
(13,'Maxthon','maxthon.png',0,1),
(14,'unknown','unknown.png',0,1);
commit;

--
-- Table structure for table `ahc_countries`
--

CREATE TABLE `ahc_countries` (
  `ctr_id` int(5) unsigned NOT NULL AUTO_INCREMENT,
  `ctr_name` varchar(100) NOT NULL,
  `ctr_internet_code` varchar(5) NOT NULL,
  `ctr_latitude` varchar(30) DEFAULT NULL,
  `ctr_longitude` varchar(30) DEFAULT NULL,
  `ctr_visitors` int(11) NOT NULL DEFAULT 0,
  `ctr_visits` int(11) NOT NULL DEFAULT 0,
  `site_id` int(11) NOT NULL DEFAULT 1,
  PRIMARY KEY (`ctr_id`)
) ENGINE=InnoDB AUTO_INCREMENT=258 DEFAULT CHARSET=utf8mb3 COLLATE=utf8mb3_general_ci;

--
-- Dumping data for table `ahc_countries`
--

set autocommit=0;
INSERT INTO `ahc_countries` VALUES
(1,'Anonymous Proxy','A1',NULL,NULL,0,0,1),
(2,'Satellite Provider','A2',NULL,NULL,0,0,1),
(3,'Other Country','O1',NULL,NULL,0,0,1),
(4,'Andorra','AD','42.5000','1.5000',0,0,1),
(5,'United Arab Emirates','AE','24.0000','54.0000',0,0,1),
(6,'Afghanistan','AF','33.0000','65.0000',0,0,1),
(7,'Antigua and Barbuda','AG','17.0500','-61.8000',0,0,1),
(8,'Anguilla','AI','18.2500','-63.1667',0,0,1),
(9,'Albania','AL','41.0000','20.0000',0,0,1),
(10,'Armenia','AM','40.0000','45.0000',0,0,1),
(11,'Netherlands Antilles ','AN','12.2500','-68.7500',0,0,1),
(12,'Angola','AO','-12.5000','18.5000',0,0,1),
(13,'Asia/Pacific Region','AP','35.0000','105.0000',0,0,1),
(14,'Antarctica','AQ','-90.0000','0.0000',0,0,1),
(15,'Argentina','AR','-34.0000','-64.0000',0,0,1),
(16,'American Samoa','AS','-14.3333','-170.0000',0,0,1),
(17,'Austria','AT','47.3333','13.3333',0,0,1),
(18,'Australia','AU','-27.0000','133.0000',0,0,1),
(19,'Aruba','AW','12.5000','-69.9667',0,0,1),
(20,'Aland Islands','AX','60.178525','19.91561',0,0,1),
(21,'Azerbaijan','AZ','40.5000','47.5000',0,0,1),
(22,'Bosnia and Herzegovina','BA','44.0000','18.0000',0,0,1),
(23,'Barbados','BB','13.1667','-59.5333',0,0,1),
(24,'Bangladesh','BD','24.0000','90.0000',0,0,1),
(25,'Belgium','BE','50.8333','4.0000',0,0,1),
(26,'Burkina Faso','BF','13.0000','-2.0000',0,0,1),
(27,'Bulgaria','BG','43.0000','25.0000',0,0,1),
(28,'Bahrain','BH','26.0000','50.5500',0,0,1),
(29,'Burundi','BI','-3.5000','30.0000',0,0,1),
(30,'Benin','BJ','9.5000','2.2500',0,0,1),
(31,'Saint Bartelemey','BL','17.9','-62.833333',0,0,1),
(32,'Bermuda','BM','32.3333','-64.7500',0,0,1),
(33,'Brunei Darussalam','BN','4.5000','114.6667',0,0,1),
(34,'Bolivia','BO','-17.0000','-65.0000',0,0,1),
(35,'Bonaire','BQ','12.178361','-68.238534',0,0,1),
(36,'Brazil','BR','-10.0000','-55.0000',0,0,1),
(37,'Bahamas','BS','24.2500','-76.0000',0,0,1),
(38,'Bhutan','BT','27.5000','90.5000',0,0,1),
(39,'Bouvet Island','BV','-54.4333','3.4000',0,0,1),
(40,'Botswana','BW','-22.0000','24.0000',0,0,1),
(41,'Belarus','BY','53.0000','28.0000',0,0,1),
(42,'Belize','BZ','17.2500','-88.7500',0,0,1),
(43,'Canada','CA','60.0000','-95.0000',0,0,1),
(44,'Cocos (Keeling) Islands','CC','-12.5000','96.8333',0,0,1),
(45,'Congo','CD','0.0000','25.0000',0,0,1),
(46,'Central African Republic','CF','7.0000','21.0000',0,0,1),
(47,'Congo','CG','-1.0000','15.0000',0,0,1),
(48,'Switzerland','CH','47.0000','8.0000',0,0,1),
(49,'Cote d\'Ivoire','CI','8.0000','-5.0000',0,0,1),
(50,'Cook Islands','CK','-21.2333','-159.7667',0,0,1),
(51,'Chile','CL','-30.0000','-71.0000',0,0,1),
(52,'Cameroon','CM','6.0000','12.0000',0,0,1),
(53,'China','CN','35.0000','105.0000',0,0,1),
(54,'Colombia','CO','4.0000','-72.0000',0,0,1),
(55,'Costa Rica','CR','10.0000','-84.0000',0,0,1),
(56,'Cuba','CU','21.5000','-80.0000',0,0,1),
(57,'Cape Verde','CV','16.0000','-24.0000',0,0,1),
(58,'Curacao','CW','12.16957','-68.99002',0,0,1),
(59,'Christmas Island','CX','-10.5000','105.6667',0,0,1),
(60,'Cyprus','CY','35.0000','33.0000',0,0,1),
(61,'Czech Republic','CZ','49.7500','15.5000',0,0,1),
(62,'Germany','DE','51.0000','9.0000',0,0,1),
(63,'Djibouti','DJ','11.5000','43.0000',0,0,1),
(64,'Denmark','DK','56.0000','10.0000',0,0,1),
(65,'Dominica','DM','15.4167','-61.3333',0,0,1),
(66,'Dominican Republic','DO','19.0000','-70.6667',0,0,1),
(67,'Algeria','DZ','28.0000','3.0000',0,0,1),
(68,'Ecuador','EC','-2.0000','-77.5000',0,0,1),
(69,'Estonia','EE','59.0000','26.0000',0,0,1),
(70,'Egypt','EG','27.0000','30.0000',0,0,1),
(71,'Western Sahara','EH','24.5000','-13.0000',0,0,1),
(72,'Eritrea','ER','15.0000','39.0000',0,0,1),
(73,'Spain','ES','40.0000','-4.0000',0,0,1),
(74,'Ethiopia','ET','8.0000','38.0000',0,0,1),
(75,'Europe','EU','47.0000','8.0000',0,0,1),
(76,'Finland','FI','64.0000','26.0000',0,0,1),
(77,'Fiji','FJ','-18.0000','175.0000',0,0,1),
(78,'Falkland Islands (Malvinas)','FK','-51.7500','-59.0000',0,0,1),
(79,'Micronesia','FM','6.9167','158.2500',0,0,1),
(80,'Faroe Islands','FO','62.0000','-7.0000',0,0,1),
(81,'France','FR','46.0000','2.0000',0,0,1),
(82,'Gabon','GA','-1.0000','11.7500',0,0,1),
(83,'United Kingdom','GB','54.0000','-2.0000',0,0,1),
(84,'Grenada','GD','12.1167','-61.6667',0,0,1),
(85,'Georgia','GE','42.0000','43.5000',0,0,1),
(86,'French Guiana','GF','4.0000','-53.0000',0,0,1),
(87,'Guernsey','GG','49.465691','-2.585278',0,0,1),
(88,'Ghana','GH','8.0000','-2.0000',0,0,1),
(89,'Gibraltar','GI','36.1833','-5.3667',0,0,1),
(90,'Greenland','GL','72.0000','-40.0000',0,0,1),
(91,'Gambia','GM','13.4667','-16.5667',0,0,1),
(92,'Guinea','GN','11.0000','-10.0000',0,0,1),
(93,'Guadeloupe','GP','16.2500','-61.5833',0,0,1),
(94,'Equatorial Guinea','GQ','2.0000','10.0000',0,0,1),
(95,'Greece','GR','39.0000','22.0000',0,0,1),
(96,'South Georgia and the South Sandwich Islands','GS','-54.5000','-37.0000',0,0,1),
(97,'Guatemala','GT','15.5000','-90.2500',0,0,1),
(98,'Guam','GU','13.4667','144.7833',0,0,1),
(99,'Guinea-Bissau','GW','12.0000','-15.0000',0,0,1),
(100,'Guyana','GY','5.0000','-59.0000',0,0,1),
(101,'Hong Kong','HK','22.2500','114.1667',0,0,1),
(102,'Heard Island and McDonald Islands','HM','-53.1000','72.5167',0,0,1),
(103,'Honduras','HN','15.0000','-86.5000',0,0,1),
(104,'Croatia','HR','45.1667','15.5000',0,0,1),
(105,'Haiti','HT','19.0000','-72.4167',0,0,1),
(106,'Hungary','HU','47.0000','20.0000',0,0,1),
(107,'Indonesia','ID','-5.0000','120.0000',0,0,1),
(108,'Ireland','IE','53.0000','-8.0000',0,0,1),
(109,'Israel','IL','31.5000','34.7500',0,0,1),
(110,'Isle of Man','IM','54.236107','-4.548056',0,0,1),
(111,'India','IN','20.0000','77.0000',0,0,1),
(112,'British Indian Ocean Territory','IO','-6.0000','71.5000',0,0,1),
(113,'Iraq','IQ','33.0000','44.0000',0,0,1),
(114,'Iran','IR','32.0000','53.0000',0,0,1),
(115,'Iceland','IS','65.0000','-18.0000',0,0,1),
(116,'Italy','IT','42.8333','12.8333',0,0,1),
(117,'Jersey','JE','49.214439','-2.13125',0,0,1),
(118,'Jamaica','JM','18.2500','-77.5000',0,0,1),
(119,'Jordan','JO','31.0000','36.0000',0,0,1),
(120,'Japan','JP','36.0000','138.0000',0,0,1),
(121,'Kenya','KE','1.0000','38.0000',0,0,1),
(122,'Kyrgyzstan','KG','41.0000','75.0000',0,0,1),
(123,'Cambodia','KH','13.0000','105.0000',0,0,1),
(124,'Kiribati','KI','1.4167','173.0000',0,0,1),
(125,'Comoros','KM','-12.1667','44.2500',0,0,1),
(126,'Saint Kitts and Nevis','KN','17.3333','-62.7500',0,0,1),
(127,'Korea','KP','40.0000','127.0000',0,0,1),
(128,'Korea','KR','37.0000','127.5000',0,0,1),
(129,'Kuwait','KW','29.3375','47.6581',0,0,1),
(130,'Cayman Islands','KY','19.5000','-80.5000',0,0,1),
(131,'Kazakhstan','KZ','48.0000','68.0000',0,0,1),
(132,'Lao People\'s Democratic Republic','LA','18.0000','105.0000',0,0,1),
(133,'Lebanon','LB','33.8333','35.8333',0,0,1),
(134,'Saint Lucia','LC','13.8833','-61.1333',0,0,1),
(135,'Liechtenstein','LI','47.1667','9.5333',0,0,1),
(136,'Sri Lanka','LK','7.0000','81.0000',0,0,1),
(137,'Liberia','LR','6.5000','-9.5000',0,0,1),
(138,'Lesotho','LS','-29.5000','28.5000',0,0,1),
(139,'Lithuania','LT','56.0000','24.0000',0,0,1),
(140,'Luxembourg','LU','49.7500','6.1667',0,0,1),
(141,'Latvia','LV','57.0000','25.0000',0,0,1),
(142,'Libyan Arab Jamahiriya','LY','25.0000','17.0000',0,0,1),
(143,'Morocco','MA','32.0000','-5.0000',0,0,1),
(144,'Monaco','MC','43.7333','7.4000',0,0,1),
(145,'Moldova','MD','47.0000','29.0000',0,0,1),
(146,'Montenegro','ME','42.0000','19.0000',0,0,1),
(147,'Saint Martin','MF','18.08255','-63.052251',0,0,1),
(148,'Madagascar','MG','-20.0000','47.0000',0,0,1),
(149,'Marshall Islands','MH','9.0000','168.0000',0,0,1),
(150,'Macedonia','MK','41.8333','22.0000',0,0,1),
(151,'Mali','ML','17.0000','-4.0000',0,0,1),
(152,'Myanmar','MM','22.0000','98.0000',0,0,1),
(153,'Mongolia','MN','46.0000','105.0000',0,0,1),
(154,'Macao','MO','22.1667','113.5500',0,0,1),
(155,'Northern Mariana Islands','MP','15.2000','145.7500',0,0,1),
(156,'Martinique','MQ','14.6667','-61.0000',0,0,1),
(157,'Mauritania','MR','20.0000','-12.0000',0,0,1),
(158,'Montserrat','MS','16.7500','-62.2000',0,0,1),
(159,'Malta','MT','35.8333','14.5833',0,0,1),
(160,'Mauritius','MU','-20.2833','57.5500',0,0,1),
(161,'Maldives','MV','3.2500','73.0000',0,0,1),
(162,'Malawi','MW','-13.5000','34.0000',0,0,1),
(163,'Mexico','MX','23.0000','-102.0000',0,0,1),
(164,'Malaysia','MY','2.5000','112.5000',0,0,1),
(165,'Mozambique','MZ','-18.2500','35.0000',0,0,1),
(166,'Namibia','NA','-22.0000','17.0000',0,0,1),
(167,'New Caledonia','NC','-21.5000','165.5000',0,0,1),
(168,'Niger','NE','16.0000','8.0000',0,0,1),
(169,'Norfolk Island','NF','-29.0333','167.9500',0,0,1),
(170,'Nigeria','NG','10.0000','8.0000',0,0,1),
(171,'Nicaragua','NI','13.0000','-85.0000',0,0,1),
(172,'Netherlands','NL','52.5000','5.7500',0,0,1),
(173,'Norway','NO','62.0000','10.0000',0,0,1),
(174,'Nepal','NP','28.0000','84.0000',0,0,1),
(175,'Nauru','NR','-0.5333','166.9167',0,0,1),
(176,'Niue','NU','-19.0333','-169.8667',0,0,1),
(177,'New Zealand','NZ','-41.0000','174.0000',0,0,1),
(178,'Oman','OM','21.0000','57.0000',0,0,1),
(179,'Panama','PA','9.0000','-80.0000',0,0,1),
(180,'Peru','PE','-10.0000','-76.0000',0,0,1),
(181,'French Polynesia','PF','-15.0000','-140.0000',0,0,1),
(182,'Papua New Guinea','PG','-6.0000','147.0000',0,0,1),
(183,'Philippines','PH','13.0000','122.0000',0,0,1),
(184,'Pakistan','PK','30.0000','70.0000',0,0,1),
(185,'Poland','PL','52.0000','20.0000',1,1,1),
(186,'Saint Pierre and Miquelon','PM','46.8333','-56.3333',0,0,1),
(187,'Pitcairn','PN','-24.376766','-128.324339',0,0,1),
(188,'Puerto Rico','PR','18.2500','-66.5000',0,0,1),
(189,'Palestinian Territory','PS','32.0000','35.2500',0,0,1),
(190,'Portugal','PT','39.5000','-8.0000',0,0,1),
(191,'Palau','PW','7.5000','134.5000',0,0,1),
(192,'Paraguay','PY','-23.0000','-58.0000',0,0,1),
(193,'Qatar','QA','25.5000','51.2500',0,0,1),
(194,'Reunion','RE','-21.1000','55.6000',0,0,1),
(195,'Romania','RO','46.0000','25.0000',0,0,1),
(196,'Serbia','RS','44.0000','21.0000',0,0,1),
(197,'Russian Federation','RU','60.0000','100.0000',0,0,1),
(198,'Rwanda','RW','-2.0000','30.0000',0,0,1),
(199,'Saudi Arabia','SA','25.0000','45.0000',0,0,1),
(200,'Solomon Islands','SB','-8.0000','159.0000',0,0,1),
(201,'Seychelles','SC','-4.5833','55.6667',0,0,1),
(202,'Sudan','SD','15.0000','30.0000',0,0,1),
(203,'Sweden','SE','62.0000','15.0000',0,0,1),
(204,'Singapore','SG','1.3667','103.8000',0,0,1),
(205,'Saint Helena','SH','-15.9333','-5.7000',0,0,1),
(206,'Slovenia','SI','46.0000','15.0000',0,0,1),
(207,'Svalbard and Jan Mayen','SJ','78.0000','20.0000',0,0,1),
(208,'Slovakia','SK','48.6667','19.5000',0,0,1),
(209,'Sierra Leone','SL','8.5000','-11.5000',0,0,1),
(210,'San Marino','SM','43.7667','12.4167',0,0,1),
(211,'Senegal','SN','14.0000','-14.0000',0,0,1),
(212,'Somalia','SO','10.0000','49.0000',0,0,1),
(213,'Suriname','SR','4.0000','-56.0000',0,0,1),
(214,'South Sudan','SS','6.876992','31.306979',0,0,1),
(215,'Sao Tome and Principe','ST','1.0000','7.0000',0,0,1),
(216,'El Salvador','SV','13.8333','-88.9167',0,0,1),
(217,'Sint Maarten','SX','18.041216','-63.053073',0,0,1),
(218,'Syrian Arab Republic','SY','35.0000','38.0000',0,0,1),
(219,'Swaziland','SZ','-26.5000','31.5000',0,0,1),
(220,'Turks and Caicos Islands','TC','21.7500','-71.5833',0,0,1),
(221,'Chad','TD','15.0000','19.0000',0,0,1),
(222,'French Southern Territories','TF','-43.0000','67.0000',0,0,1),
(223,'Togo','TG','8.0000','1.1667',0,0,1),
(224,'Thailand','TH','15.0000','100.0000',0,0,1),
(225,'Tajikistan','TJ','39.0000','71.0000',0,0,1),
(226,'Tokelau','TK','-9.0000','-172.0000',0,0,1),
(227,'Timor-Leste','TL','-8.874217','125.727539',0,0,1),
(228,'Turkmenistan','TM','40.0000','60.0000',0,0,1),
(229,'Tunisia','TN','34.0000','9.0000',0,0,1),
(230,'Tonga','TO','-20.0000','-175.0000',0,0,1),
(231,'Turkey','TR','39.0000','35.0000',0,0,1),
(232,'Trinidad and Tobago','TT','11.0000','-61.0000',0,0,1),
(233,'Tuvalu','TV','-8.0000','178.0000',0,0,1),
(234,'Taiwan','TW','23.5000','121.0000',0,0,1),
(235,'Tanzania','TZ','-6.0000','35.0000',0,0,1),
(236,'Ukraine','UA','49.0000','32.0000',0,0,1),
(237,'Uganda','UG','1.0000','32.0000',0,0,1),
(238,'United States Minor Outlying Islands','UM','19.2833','166.6000',0,0,1),
(239,'United States','US','38.0000','-97.0000',0,0,1),
(240,'Uruguay','UY','-33.0000','-56.0000',0,0,1),
(241,'Uzbekistan','UZ','41.0000','64.0000',0,0,1),
(242,'Holy See (Vatican City State)','VA','41.9000','12.4500',0,0,1),
(243,'Saint Vincent and the Grenadines','VC','13.2500','-61.2000',0,0,1),
(244,'Venezuela','VE','8.0000','-66.0000',0,0,1),
(245,'Virgin Islands','VG','18.5000','-64.5000',0,0,1),
(246,'Virgin Islands','VI','18.3333','-64.8333',0,0,1),
(247,'Vietnam','VN','16.0000','106.0000',0,0,1),
(248,'Vanuatu','VU','-16.0000','167.0000',0,0,1),
(249,'Wallis and Futuna','WF','-13.3000','-176.2000',0,0,1),
(250,'Samoa','WS','-13.5833','-172.3333',0,0,1),
(251,'Yemen','YE','15.0000','48.0000',0,0,1),
(252,'Mayotte','YT','-12.8333','45.1667',0,0,1),
(253,'South Africa','ZA','-29.0000','24.0000',0,0,1),
(254,'Zambia','ZM','-15.0000','30.0000',0,0,1),
(255,'Zaire','ZR','-4.038333','21.758664',0,0,1),
(256,'Zimbabwe','ZW','-20.0000','30.0000',0,0,1),
(257,'Anonymous Proxy','XX',NULL,NULL,0,0,1);
commit;

--
-- Table structure for table `ahc_daily_visitors_stats`
--

CREATE TABLE `ahc_daily_visitors_stats` (
  `id` int(11) unsigned NOT NULL AUTO_INCREMENT,
  `vst_date` datetime NOT NULL,
  `vst_visitors` int(11) unsigned DEFAULT 0,
  `vst_visits` int(11) unsigned DEFAULT 0,
  `site_id` int(11) NOT NULL DEFAULT 1,
  PRIMARY KEY (`id`)
) ENGINE=InnoDB DEFAULT CHARSET=utf8mb3 COLLATE=utf8mb3_general_ci;

--
-- Dumping data for table `ahc_daily_visitors_stats`
--

set autocommit=0;
commit;

--
-- Table structure for table `ahc_hits`
--

CREATE TABLE `ahc_hits` (
  `hit_id` int(11) unsigned NOT NULL AUTO_INCREMENT,
  `hit_ip_address` varchar(50) NOT NULL,
  `hit_user_agent` varchar(200) NOT NULL,
  `hit_request_uri` varchar(200) DEFAULT NULL,
  `hit_page_id` varchar(30) NOT NULL,
  `hit_page_title` varchar(200) DEFAULT NULL,
  `ctr_id` int(3) unsigned DEFAULT NULL,
  `hit_referer` varchar(300) DEFAULT NULL,
  `hit_referer_site` varchar(100) DEFAULT NULL,
  `srh_id` int(3) unsigned DEFAULT NULL,
  `hit_search_words` varchar(200) DEFAULT NULL,
  `bsr_id` int(3) unsigned NOT NULL,
  `hit_date` date NOT NULL,
  `hit_time` time NOT NULL,
  `site_id` int(11) NOT NULL DEFAULT 1,
  PRIMARY KEY (`hit_id`)
) ENGINE=InnoDB AUTO_INCREMENT=2 DEFAULT CHARSET=utf8mb3 COLLATE=utf8mb3_general_ci;

--
-- Dumping data for table `ahc_hits`
--

set autocommit=0;
INSERT INTO `ahc_hits` VALUES
(1,'85.128.131.246','Mozilla/5.0 (Windows NT 10.0; Win64; x64; rv:99.0) Gecko/20100101 Firefox/99.0','gtmetrix/wordpress3','1123','Home',185,'','',0,'',2,'2022-04-19','17:17:14',1);
commit;

--
-- Table structure for table `ahc_keywords`
--

CREATE TABLE `ahc_keywords` (
  `kwd_id` int(11) unsigned NOT NULL AUTO_INCREMENT,
  `kwd_ip_address` varchar(50) NOT NULL,
  `kwd_keywords` varchar(200) NOT NULL,
  `kwd_referer` varchar(300) NOT NULL,
  `srh_id` int(3) unsigned NOT NULL,
  `ctr_id` int(5) unsigned DEFAULT NULL,
  `bsr_id` int(3) unsigned NOT NULL,
  `kwd_date` date NOT NULL,
  `kwd_time` time NOT NULL,
  `site_id` int(11) NOT NULL DEFAULT 1,
  PRIMARY KEY (`kwd_id`)
) ENGINE=InnoDB DEFAULT CHARSET=utf8mb3 COLLATE=utf8mb3_general_ci;

--
-- Dumping data for table `ahc_keywords`
--

set autocommit=0;
commit;

--
-- Table structure for table `ahc_online_users`
--

CREATE TABLE `ahc_online_users` (
  `id` int(11) unsigned NOT NULL AUTO_INCREMENT,
  `hit_ip_address` varchar(50) NOT NULL,
  `hit_page_id` varchar(30) NOT NULL,
  `date` timestamp NOT NULL DEFAULT current_timestamp(),
  `site_id` int(11) NOT NULL DEFAULT 1,
  PRIMARY KEY (`id`)
) ENGINE=InnoDB AUTO_INCREMENT=17 DEFAULT CHARSET=utf8mb3 COLLATE=utf8mb3_general_ci;

--
-- Dumping data for table `ahc_online_users`
--

set autocommit=0;
INSERT INTO `ahc_online_users` VALUES
(1,'85.128.131.246','1123','2022-04-19 17:17:14',1),
(2,'85.128.131.246','1123','2022-04-19 17:17:54',1),
(3,'85.128.131.246','1123','2022-04-19 17:25:41',1),
(4,'85.128.131.246','1123','2022-04-19 17:37:56',1),
(5,'85.128.131.246','1123','2022-04-19 17:38:40',1),
(6,'85.128.131.246','1123','2022-04-19 17:41:17',1),
(7,'85.128.131.246','1123','2022-04-19 17:51:05',1),
(8,'85.128.131.246','1123','2022-04-19 17:51:08',1),
(9,'85.128.131.246','1123','2022-04-19 18:00:03',1),
(10,'85.128.131.246','1123','2022-04-19 18:00:08',1),
(11,'85.128.131.246','1123','2022-04-19 18:02:36',1),
(12,'85.128.131.246','1123','2022-04-19 18:06:49',1),
(13,'85.128.131.246','1123','2022-04-19 18:08:59',1),
(14,'85.128.131.246','1123','2022-04-19 18:10:50',1),
(15,'85.128.131.246','1123','2022-04-19 18:10:53',1),
(16,'85.128.131.246','1123','2022-04-19 18:11:17',1);
commit;

--
-- Table structure for table `ahc_recent_visitors`
--

CREATE TABLE `ahc_recent_visitors` (
  `vtr_id` int(11) unsigned NOT NULL AUTO_INCREMENT,
  `vtr_ip_address` varchar(50) NOT NULL,
  `vtr_referer` varchar(300) DEFAULT NULL,
  `srh_id` int(3) unsigned DEFAULT NULL,
  `bsr_id` int(3) unsigned NOT NULL,
  `ctr_id` int(5) unsigned DEFAULT NULL,
  `vtr_date` date NOT NULL,
  `vtr_time` time NOT NULL,
  `ahc_city` varchar(230) DEFAULT NULL,
  `ahc_region` varchar(230) DEFAULT NULL,
  `site_id` int(11) NOT NULL DEFAULT 1,
  PRIMARY KEY (`vtr_id`)
) ENGINE=InnoDB AUTO_INCREMENT=2 DEFAULT CHARSET=utf8mb3 COLLATE=utf8mb3_general_ci;

--
-- Dumping data for table `ahc_recent_visitors`
--

set autocommit=0;
INSERT INTO `ahc_recent_visitors` VALUES
(1,'85.128.131.246','',0,2,185,'2022-04-19','17:17:14','Krakow','Lesser Poland',1);
commit;

--
-- Table structure for table `ahc_refering_sites`
--

CREATE TABLE `ahc_refering_sites` (
  `rfr_id` int(11) unsigned NOT NULL AUTO_INCREMENT,
  `rfr_site_name` varchar(100) NOT NULL,
  `rfr_visits` int(11) unsigned DEFAULT 0,
  `site_id` int(11) NOT NULL DEFAULT 1,
  PRIMARY KEY (`rfr_id`)
) ENGINE=InnoDB DEFAULT CHARSET=utf8mb3 COLLATE=utf8mb3_general_ci;

--
-- Dumping data for table `ahc_refering_sites`
--

set autocommit=0;
commit;

--
-- Table structure for table `ahc_search_engine_crawlers`
--

CREATE TABLE `ahc_search_engine_crawlers` (
  `bot_name` varchar(50) NOT NULL,
  `srh_id` int(3) unsigned NOT NULL,
  `site_id` int(11) NOT NULL DEFAULT 1
) ENGINE=InnoDB DEFAULT CHARSET=utf8mb3 COLLATE=utf8mb3_general_ci;

--
-- Dumping data for table `ahc_search_engine_crawlers`
--

set autocommit=0;
INSERT INTO `ahc_search_engine_crawlers` VALUES
('Googlebot',1,1),
('Googlebot-News',1,1),
('Googlebot-Image',1,1),
('Googlebot-Video',1,1),
('Googlebot-Mobile',1,1),
('Mediapartners-Google',1,1),
('Mediapartners',1,1),
('Mediapartners-Google',1,1),
('Mediapartners',1,1),
('AdsBot-Google',1,1),
('bingbot',2,1),
('Yahoo! Slurp',3,1),
('Yahoo! Slurp China',3,1),
('YahooSeeker',3,1),
('Ask Jeeves',4,1),
('FAST-WebCrawler',5,1);
commit;

--
-- Table structure for table `ahc_search_engines`
--

CREATE TABLE `ahc_search_engines` (
  `srh_id` int(3) unsigned NOT NULL AUTO_INCREMENT,
  `srh_name` varchar(100) NOT NULL,
  `srh_query_parameter` varchar(10) NOT NULL,
  `srh_icon` varchar(50) DEFAULT NULL,
  `srh_identifier` varchar(50) DEFAULT NULL,
  PRIMARY KEY (`srh_id`)
) ENGINE=InnoDB AUTO_INCREMENT=6 DEFAULT CHARSET=utf8mb3 COLLATE=utf8mb3_general_ci;

--
-- Dumping data for table `ahc_search_engines`
--

set autocommit=0;
INSERT INTO `ahc_search_engines` VALUES
(1,'Google','q','google.png','google'),
(2,'Bing','q','bing.png','bing'),
(3,'Yahoo Search','p','yahoo.png','yahoo'),
(4,'Ask','q','ask.png','ask'),
(5,'WebCrawler','q','webcrawler.gif','webcrawler');
commit;

--
-- Table structure for table `ahc_searching_visits`
--

CREATE TABLE `ahc_searching_visits` (
  `vtsh_id` int(11) unsigned NOT NULL AUTO_INCREMENT,
  `srh_id` int(3) unsigned NOT NULL,
  `vtsh_date` datetime NOT NULL,
  `vtsh_visits` int(11) unsigned NOT NULL DEFAULT 0,
  `site_id` int(11) NOT NULL DEFAULT 1,
  PRIMARY KEY (`vtsh_id`)
) ENGINE=InnoDB DEFAULT CHARSET=utf8mb3 COLLATE=utf8mb3_general_ci;

--
-- Dumping data for table `ahc_searching_visits`
--

set autocommit=0;
commit;

--
-- Table structure for table `ahc_settings`
--

CREATE TABLE `ahc_settings` (
  `set_id` int(10) unsigned NOT NULL AUTO_INCREMENT,
  `set_hits_days` int(10) unsigned NOT NULL DEFAULT 14,
  `set_ajax_check` int(10) unsigned NOT NULL DEFAULT 10,
  `set_ips` text DEFAULT NULL,
  `set_google_map` varchar(100) NOT NULL DEFAULT 'today_visitors',
  `site_id` int(11) NOT NULL DEFAULT 1,
  PRIMARY KEY (`set_id`)
) ENGINE=InnoDB AUTO_INCREMENT=2 DEFAULT CHARSET=utf8mb3 COLLATE=utf8mb3_general_ci;

--
-- Dumping data for table `ahc_settings`
--

set autocommit=0;
INSERT INTO `ahc_settings` VALUES
(1,14,15,NULL,'today_visitors',1);
commit;

--
-- Table structure for table `ahc_title_traffic`
--

CREATE TABLE `ahc_title_traffic` (
  `til_id` int(11) unsigned NOT NULL AUTO_INCREMENT,
  `til_page_id` varchar(30) NOT NULL,
  `til_page_title` varchar(100) DEFAULT NULL,
  `til_hits` int(11) unsigned NOT NULL,
  `site_id` int(11) NOT NULL DEFAULT 1,
  PRIMARY KEY (`til_id`)
) ENGINE=InnoDB AUTO_INCREMENT=2 DEFAULT CHARSET=utf8mb3 COLLATE=utf8mb3_general_ci;

--
-- Dumping data for table `ahc_title_traffic`
--

set autocommit=0;
INSERT INTO `ahc_title_traffic` VALUES
(1,'1123','Home',1,1);
commit;

--
-- Table structure for table `ahc_visitors`
--

CREATE TABLE `ahc_visitors` (
  `vst_id` int(11) unsigned NOT NULL AUTO_INCREMENT,
  `vst_date` datetime NOT NULL,
  `vst_visitors` int(11) unsigned DEFAULT 0,
  `vst_visits` int(11) unsigned DEFAULT 0,
  `site_id` int(11) NOT NULL DEFAULT 1,
  PRIMARY KEY (`vst_id`),
  KEY `idx_vst_date` (`vst_date`)
) ENGINE=InnoDB AUTO_INCREMENT=2 DEFAULT CHARSET=utf8mb3 COLLATE=utf8mb3_general_ci;

--
-- Dumping data for table `ahc_visitors`
--

set autocommit=0;
INSERT INTO `ahc_visitors` VALUES
(1,'2022-04-19 17:17:14',1,1,1);
commit;

--
-- Table structure for table `ahc_visits_time`
--

CREATE TABLE `ahc_visits_time` (
  `vtm_id` int(11) unsigned NOT NULL AUTO_INCREMENT,
  `vtm_time_from` time NOT NULL,
  `vtm_time_to` time NOT NULL,
  `vtm_visitors` int(11) unsigned NOT NULL DEFAULT 0,
  `vtm_visits` int(11) unsigned NOT NULL DEFAULT 0,
  `site_id` int(11) NOT NULL DEFAULT 1,
  PRIMARY KEY (`vtm_id`)
) ENGINE=InnoDB AUTO_INCREMENT=25 DEFAULT CHARSET=utf8mb3 COLLATE=utf8mb3_general_ci;

--
-- Dumping data for table `ahc_visits_time`
--

set autocommit=0;
INSERT INTO `ahc_visits_time` VALUES
(1,'00:00:00','00:59:59',0,0,1),
(2,'01:00:00','01:59:59',0,0,1),
(3,'02:00:00','02:59:59',0,0,1),
(4,'03:00:00','03:59:59',0,0,1),
(5,'04:00:00','04:59:59',0,0,1),
(6,'05:00:00','05:59:59',0,0,1),
(7,'06:00:00','06:59:59',0,0,1),
(8,'07:00:00','07:59:59',0,0,1),
(9,'08:00:00','08:59:59',0,0,1),
(10,'09:00:00','09:59:59',0,0,1),
(11,'10:00:00','10:59:59',0,0,1),
(12,'11:00:00','11:59:59',0,0,1),
(13,'12:00:00','12:59:59',0,0,1),
(14,'13:00:00','13:59:59',0,0,1),
(15,'14:00:00','14:59:59',0,0,1),
(16,'15:00:00','15:59:59',0,0,1),
(17,'16:00:00','16:59:59',0,0,1),
(18,'17:00:00','17:59:59',1,1,1),
(19,'18:00:00','18:59:59',0,0,1),
(20,'19:00:00','19:59:59',0,0,1),
(21,'20:00:00','20:59:59',0,0,1),
(22,'21:00:00','21:59:59',0,0,1),
(23,'22:00:00','22:59:59',0,0,1),
(24,'23:00:00','23:59:59',0,0,1);
commit;

--
-- Table structure for table `wpgtm_actionscheduler_actions`
--

CREATE TABLE `wpgtm_actionscheduler_actions` (
  `action_id` bigint(20) unsigned NOT NULL AUTO_INCREMENT,
  `hook` varchar(191) NOT NULL,
  `status` varchar(20) NOT NULL,
  `scheduled_date_gmt` datetime DEFAULT '0000-00-00 00:00:00',
  `scheduled_date_local` datetime DEFAULT '0000-00-00 00:00:00',
  `args` varchar(191) DEFAULT NULL,
  `schedule` longtext DEFAULT NULL,
  `group_id` bigint(20) unsigned NOT NULL DEFAULT 0,
  `attempts` int(11) NOT NULL DEFAULT 0,
  `last_attempt_gmt` datetime DEFAULT '0000-00-00 00:00:00',
  `last_attempt_local` datetime DEFAULT '0000-00-00 00:00:00',
  `claim_id` bigint(20) unsigned NOT NULL DEFAULT 0,
  `extended_args` varchar(8000) DEFAULT NULL,
  `priority` tinyint(3) unsigned NOT NULL DEFAULT 10,
  PRIMARY KEY (`action_id`),
  KEY `hook` (`hook`),
  KEY `status` (`status`),
  KEY `scheduled_date_gmt` (`scheduled_date_gmt`),
  KEY `args` (`args`),
  KEY `group_id` (`group_id`),
  KEY `last_attempt_gmt` (`last_attempt_gmt`),
  KEY `claim_id` (`claim_id`),
  KEY `claim_id_status_scheduled_date_gmt` (`claim_id`,`status`,`scheduled_date_gmt`)
) ENGINE=InnoDB AUTO_INCREMENT=20212 DEFAULT CHARSET=utf8mb4 COLLATE=utf8mb4_unicode_ci;

--
-- Dumping data for table `wpgtm_actionscheduler_actions`
--

set autocommit=0;
INSERT INTO `wpgtm_actionscheduler_actions` VALUES
(8899,'action_scheduler/migration_hook','failed','2023-11-14 12:54:02','2023-11-14 13:54:02','[]','O:30:\"ActionScheduler_SimpleSchedule\":2:{s:22:\"\0*\0scheduled_timestamp\";i:1699966442;s:41:\"\0ActionScheduler_SimpleSchedule\0timestamp\";i:1699966442;}',2,1,'2023-11-14 12:55:02','2023-11-14 13:55:02',0,NULL,10),
(10386,'woocommerce_cleanup_draft_orders','failed','2024-01-17 23:19:10','2024-01-18 00:19:10','[]','O:32:\"ActionScheduler_IntervalSchedule\":5:{s:22:\"\0*\0scheduled_timestamp\";i:1705533550;s:18:\"\0*\0first_timestamp\";i:1705447126;s:13:\"\0*\0recurrence\";i:86400;s:49:\"\0ActionScheduler_IntervalSchedule\0start_timestamp\";i:1705533550;s:53:\"\0ActionScheduler_IntervalSchedule\0interval_in_seconds\";i:86400;}',4,1,'2024-01-18 00:10:02','2024-01-18 01:10:02',0,NULL,10),
(10401,'woocommerce_admin/stored_state_setup_for_products/async/run_remote_notifications','failed','2024-01-16 23:32:43','2024-01-16 23:32:43','[]','O:28:\"ActionScheduler_NullSchedule\":0:{}',4,1,'2024-01-16 23:32:43','2024-01-17 00:32:43',0,NULL,10),
(10433,'woocommerce_cleanup_draft_orders','failed','2024-01-19 00:10:02','2024-01-19 01:10:02','[]','O:32:\"ActionScheduler_IntervalSchedule\":5:{s:22:\"\0*\0scheduled_timestamp\";i:1705623002;s:18:\"\0*\0first_timestamp\";i:1705447126;s:13:\"\0*\0recurrence\";i:86400;s:49:\"\0ActionScheduler_IntervalSchedule\0start_timestamp\";i:1705623002;s:53:\"\0ActionScheduler_IntervalSchedule\0interval_in_seconds\";i:86400;}',4,1,'2024-01-19 00:34:02','2024-01-19 01:34:02',0,NULL,10),
(10460,'woocommerce_cleanup_draft_orders','failed','2024-01-20 00:34:02','2024-01-20 01:34:02','[]','O:32:\"ActionScheduler_IntervalSchedule\":5:{s:22:\"\0*\0scheduled_timestamp\";i:1705710842;s:18:\"\0*\0first_timestamp\";i:1705447126;s:13:\"\0*\0recurrence\";i:86400;s:49:\"\0ActionScheduler_IntervalSchedule\0start_timestamp\";i:1705710842;s:53:\"\0ActionScheduler_IntervalSchedule\0interval_in_seconds\";i:86400;}',4,1,'2024-01-20 00:58:03','2024-01-20 01:58:03',0,NULL,10),
(10487,'woocommerce_cleanup_draft_orders','failed','2024-01-21 00:58:03','2024-01-21 01:58:03','[]','O:32:\"ActionScheduler_IntervalSchedule\":5:{s:22:\"\0*\0scheduled_timestamp\";i:1705798683;s:18:\"\0*\0first_timestamp\";i:1705447126;s:13:\"\0*\0recurrence\";i:86400;s:49:\"\0ActionScheduler_IntervalSchedule\0start_timestamp\";i:1705798683;s:53:\"\0ActionScheduler_IntervalSchedule\0interval_in_seconds\";i:86400;}',4,1,'2024-01-21 01:14:16','2024-01-21 02:14:16',0,NULL,10),
(10514,'woocommerce_cleanup_draft_orders','failed','2024-01-22 01:14:16','2024-01-22 02:14:16','[]','O:32:\"ActionScheduler_IntervalSchedule\":5:{s:22:\"\0*\0scheduled_timestamp\";i:1705886056;s:18:\"\0*\0first_timestamp\";i:1705447126;s:13:\"\0*\0recurrence\";i:86400;s:49:\"\0ActionScheduler_IntervalSchedule\0start_timestamp\";i:1705886056;s:53:\"\0ActionScheduler_IntervalSchedule\0interval_in_seconds\";i:86400;}',4,1,'2024-01-22 01:25:34','2024-01-22 02:25:34',0,NULL,10),
(10541,'woocommerce_cleanup_draft_orders','failed','2024-01-23 01:25:34','2024-01-23 02:25:34','[]','O:32:\"ActionScheduler_IntervalSchedule\":5:{s:22:\"\0*\0scheduled_timestamp\";i:1705973134;s:18:\"\0*\0first_timestamp\";i:1705447126;s:13:\"\0*\0recurrence\";i:86400;s:49:\"\0ActionScheduler_IntervalSchedule\0start_timestamp\";i:1705973134;s:53:\"\0ActionScheduler_IntervalSchedule\0interval_in_seconds\";i:86400;}',4,1,'2024-01-23 02:10:02','2024-01-23 03:10:02',0,NULL,10),
(10569,'woocommerce_cleanup_draft_orders','failed','2024-01-24 02:10:02','2024-01-24 03:10:02','[]','O:32:\"ActionScheduler_IntervalSchedule\":5:{s:22:\"\0*\0scheduled_timestamp\";i:1706062202;s:18:\"\0*\0first_timestamp\";i:1705447126;s:13:\"\0*\0recurrence\";i:86400;s:49:\"\0ActionScheduler_IntervalSchedule\0start_timestamp\";i:1706062202;s:53:\"\0ActionScheduler_IntervalSchedule\0interval_in_seconds\";i:86400;}',4,1,'2024-01-24 02:34:02','2024-01-24 03:34:02',0,NULL,10),
(10596,'woocommerce_cleanup_draft_orders','failed','2024-01-25 02:34:02','2024-01-25 03:34:02','[]','O:32:\"ActionScheduler_IntervalSchedule\":5:{s:22:\"\0*\0scheduled_timestamp\";i:1706150042;s:18:\"\0*\0first_timestamp\";i:1705447126;s:13:\"\0*\0recurrence\";i:86400;s:49:\"\0ActionScheduler_IntervalSchedule\0start_timestamp\";i:1706150042;s:53:\"\0ActionScheduler_IntervalSchedule\0interval_in_seconds\";i:86400;}',4,1,'2024-01-25 02:57:02','2024-01-25 03:57:02',0,NULL,10),
(10624,'woocommerce_cleanup_draft_orders','failed','2024-01-26 02:57:02','2024-01-26 03:57:02','[]','O:32:\"ActionScheduler_IntervalSchedule\":5:{s:22:\"\0*\0scheduled_timestamp\";i:1706237822;s:18:\"\0*\0first_timestamp\";i:1705447126;s:13:\"\0*\0recurrence\";i:86400;s:49:\"\0ActionScheduler_IntervalSchedule\0start_timestamp\";i:1706237822;s:53:\"\0ActionScheduler_IntervalSchedule\0interval_in_seconds\";i:86400;}',4,1,'2024-01-26 03:18:02','2024-01-26 04:18:02',0,NULL,10),
(10650,'woocommerce_cleanup_draft_orders','failed','2024-01-27 03:18:02','2024-01-27 04:18:02','[]','O:32:\"ActionScheduler_IntervalSchedule\":5:{s:22:\"\0*\0scheduled_timestamp\";i:1706325482;s:18:\"\0*\0first_timestamp\";i:1705447126;s:13:\"\0*\0recurrence\";i:86400;s:49:\"\0ActionScheduler_IntervalSchedule\0start_timestamp\";i:1706325482;s:53:\"\0ActionScheduler_IntervalSchedule\0interval_in_seconds\";i:86400;}',4,1,'2024-01-27 03:42:01','2024-01-27 04:42:01',0,NULL,10),
(10677,'woocommerce_cleanup_draft_orders','failed','2024-01-28 03:42:01','2024-01-28 04:42:01','[]','O:32:\"ActionScheduler_IntervalSchedule\":5:{s:22:\"\0*\0scheduled_timestamp\";i:1706413321;s:18:\"\0*\0first_timestamp\";i:1705447126;s:13:\"\0*\0recurrence\";i:86400;s:49:\"\0ActionScheduler_IntervalSchedule\0start_timestamp\";i:1706413321;s:53:\"\0ActionScheduler_IntervalSchedule\0interval_in_seconds\";i:86400;}',4,1,'2024-01-28 04:05:02','2024-01-28 05:05:02',0,NULL,10),
(10704,'woocommerce_cleanup_draft_orders','failed','2024-01-29 04:05:02','2024-01-29 05:05:02','[]','O:32:\"ActionScheduler_IntervalSchedule\":5:{s:22:\"\0*\0scheduled_timestamp\";i:1706501102;s:18:\"\0*\0first_timestamp\";i:1705447126;s:13:\"\0*\0recurrence\";i:86400;s:49:\"\0ActionScheduler_IntervalSchedule\0start_timestamp\";i:1706501102;s:53:\"\0ActionScheduler_IntervalSchedule\0interval_in_seconds\";i:86400;}',4,1,'2024-01-29 04:30:01','2024-01-29 05:30:01',0,NULL,10),
(10731,'woocommerce_cleanup_draft_orders','failed','2024-01-30 04:30:01','2024-01-30 05:30:01','[]','O:32:\"ActionScheduler_IntervalSchedule\":5:{s:22:\"\0*\0scheduled_timestamp\";i:1706589001;s:18:\"\0*\0first_timestamp\";i:1705447126;s:13:\"\0*\0recurrence\";i:86400;s:49:\"\0ActionScheduler_IntervalSchedule\0start_timestamp\";i:1706589001;s:53:\"\0ActionScheduler_IntervalSchedule\0interval_in_seconds\";i:86400;}',4,1,'2024-01-30 05:28:01','2024-01-30 06:28:01',0,NULL,10),
(10766,'woocommerce_cleanup_draft_orders','failed','2024-01-31 05:28:01','2024-01-31 06:28:01','[]','O:32:\"ActionScheduler_IntervalSchedule\":5:{s:22:\"\0*\0scheduled_timestamp\";i:1706678881;s:18:\"\0*\0first_timestamp\";i:1705447126;s:13:\"\0*\0recurrence\";i:86400;s:49:\"\0ActionScheduler_IntervalSchedule\0start_timestamp\";i:1706678881;s:53:\"\0ActionScheduler_IntervalSchedule\0interval_in_seconds\";i:86400;}',4,1,'2024-01-31 05:52:02','2024-01-31 06:52:02',0,NULL,10),
(10794,'woocommerce_cleanup_draft_orders','failed','2024-02-01 05:52:02','2024-02-01 06:52:02','[]','O:32:\"ActionScheduler_IntervalSchedule\":5:{s:22:\"\0*\0scheduled_timestamp\";i:1706766722;s:18:\"\0*\0first_timestamp\";i:1705447126;s:13:\"\0*\0recurrence\";i:86400;s:49:\"\0ActionScheduler_IntervalSchedule\0start_timestamp\";i:1706766722;s:53:\"\0ActionScheduler_IntervalSchedule\0interval_in_seconds\";i:86400;}',4,1,'2024-02-01 06:15:01','2024-02-01 07:15:01',0,NULL,10),
(10820,'woocommerce_cleanup_draft_orders','failed','2024-02-02 06:15:01','2024-02-02 07:15:01','[]','O:32:\"ActionScheduler_IntervalSchedule\":5:{s:22:\"\0*\0scheduled_timestamp\";i:1706854501;s:18:\"\0*\0first_timestamp\";i:1705447126;s:13:\"\0*\0recurrence\";i:86400;s:49:\"\0ActionScheduler_IntervalSchedule\0start_timestamp\";i:1706854501;s:53:\"\0ActionScheduler_IntervalSchedule\0interval_in_seconds\";i:86400;}',4,1,'2024-02-02 06:39:02','2024-02-02 07:39:02',0,NULL,10),
(10848,'woocommerce_cleanup_draft_orders','failed','2024-02-03 06:39:02','2024-02-03 07:39:02','[]','O:32:\"ActionScheduler_IntervalSchedule\":5:{s:22:\"\0*\0scheduled_timestamp\";i:1706942342;s:18:\"\0*\0first_timestamp\";i:1705447126;s:13:\"\0*\0recurrence\";i:86400;s:49:\"\0ActionScheduler_IntervalSchedule\0start_timestamp\";i:1706942342;s:53:\"\0ActionScheduler_IntervalSchedule\0interval_in_seconds\";i:86400;}',4,1,'2024-02-03 07:03:02','2024-02-03 08:03:02',0,NULL,10),
(10874,'woocommerce_cleanup_draft_orders','failed','2024-02-04 07:03:02','2024-02-04 08:03:02','[]','O:32:\"ActionScheduler_IntervalSchedule\":5:{s:22:\"\0*\0scheduled_timestamp\";i:1707030182;s:18:\"\0*\0first_timestamp\";i:1705447126;s:13:\"\0*\0recurrence\";i:86400;s:49:\"\0ActionScheduler_IntervalSchedule\0start_timestamp\";i:1707030182;s:53:\"\0ActionScheduler_IntervalSchedule\0interval_in_seconds\";i:86400;}',4,1,'2024-02-04 07:27:02','2024-02-04 08:27:02',0,NULL,10),
(10900,'woocommerce_cleanup_draft_orders','failed','2024-02-05 07:27:02','2024-02-05 08:27:02','[]','O:32:\"ActionScheduler_IntervalSchedule\":5:{s:22:\"\0*\0scheduled_timestamp\";i:1707118022;s:18:\"\0*\0first_timestamp\";i:1705447126;s:13:\"\0*\0recurrence\";i:86400;s:49:\"\0ActionScheduler_IntervalSchedule\0start_timestamp\";i:1707118022;s:53:\"\0ActionScheduler_IntervalSchedule\0interval_in_seconds\";i:86400;}',4,1,'2024-02-05 07:51:01','2024-02-05 08:51:01',0,NULL,10),
(10926,'woocommerce_cleanup_draft_orders','failed','2024-02-06 07:51:01','2024-02-06 08:51:01','[]','O:32:\"ActionScheduler_IntervalSchedule\":5:{s:22:\"\0*\0scheduled_timestamp\";i:1707205861;s:18:\"\0*\0first_timestamp\";i:1705447126;s:13:\"\0*\0recurrence\";i:86400;s:49:\"\0ActionScheduler_IntervalSchedule\0start_timestamp\";i:1707205861;s:53:\"\0ActionScheduler_IntervalSchedule\0interval_in_seconds\";i:86400;}',4,1,'2024-02-06 08:15:01','2024-02-06 09:15:01',0,NULL,10),
(10952,'woocommerce_cleanup_draft_orders','failed','2024-02-07 08:15:01','2024-02-07 09:15:01','[]','O:32:\"ActionScheduler_IntervalSchedule\":5:{s:22:\"\0*\0scheduled_timestamp\";i:1707293701;s:18:\"\0*\0first_timestamp\";i:1705447126;s:13:\"\0*\0recurrence\";i:86400;s:49:\"\0ActionScheduler_IntervalSchedule\0start_timestamp\";i:1707293701;s:53:\"\0ActionScheduler_IntervalSchedule\0interval_in_seconds\";i:86400;}',4,1,'2024-02-07 08:37:01','2024-02-07 09:37:01',0,NULL,10),
(10978,'woocommerce_cleanup_draft_orders','failed','2024-02-08 08:37:01','2024-02-08 09:37:01','[]','O:32:\"ActionScheduler_IntervalSchedule\":5:{s:22:\"\0*\0scheduled_timestamp\";i:1707381421;s:18:\"\0*\0first_timestamp\";i:1705447126;s:13:\"\0*\0recurrence\";i:86400;s:49:\"\0ActionScheduler_IntervalSchedule\0start_timestamp\";i:1707381421;s:53:\"\0ActionScheduler_IntervalSchedule\0interval_in_seconds\";i:86400;}',4,1,'2024-02-08 08:42:22','2024-02-08 09:42:22',0,NULL,10),
(11010,'woocommerce_cleanup_draft_orders','failed','2024-02-09 08:42:22','2024-02-09 09:42:22','[]','O:32:\"ActionScheduler_IntervalSchedule\":5:{s:22:\"\0*\0scheduled_timestamp\";i:1707468142;s:18:\"\0*\0first_timestamp\";i:1705447126;s:13:\"\0*\0recurrence\";i:86400;s:49:\"\0ActionScheduler_IntervalSchedule\0start_timestamp\";i:1707468142;s:53:\"\0ActionScheduler_IntervalSchedule\0interval_in_seconds\";i:86400;}',4,1,'2024-02-09 08:57:02','2024-02-09 09:57:02',0,NULL,10),
(11039,'woocommerce_cleanup_draft_orders','failed','2024-02-10 08:57:02','2024-02-10 09:57:02','[]','O:32:\"ActionScheduler_IntervalSchedule\":5:{s:22:\"\0*\0scheduled_timestamp\";i:1707555422;s:18:\"\0*\0first_timestamp\";i:1705447126;s:13:\"\0*\0recurrence\";i:86400;s:49:\"\0ActionScheduler_IntervalSchedule\0start_timestamp\";i:1707555422;s:53:\"\0ActionScheduler_IntervalSchedule\0interval_in_seconds\";i:86400;}',4,1,'2024-02-10 09:21:02','2024-02-10 10:21:02',0,NULL,10),
(11065,'woocommerce_cleanup_draft_orders','failed','2024-02-11 09:21:02','2024-02-11 10:21:02','[]','O:32:\"ActionScheduler_IntervalSchedule\":5:{s:22:\"\0*\0scheduled_timestamp\";i:1707643262;s:18:\"\0*\0first_timestamp\";i:1705447126;s:13:\"\0*\0recurrence\";i:86400;s:49:\"\0ActionScheduler_IntervalSchedule\0start_timestamp\";i:1707643262;s:53:\"\0ActionScheduler_IntervalSchedule\0interval_in_seconds\";i:86400;}',4,1,'2024-02-11 09:43:01','2024-02-11 10:43:01',0,NULL,10),
(11092,'woocommerce_cleanup_draft_orders','failed','2024-02-12 09:43:01','2024-02-12 10:43:01','[]','O:32:\"ActionScheduler_IntervalSchedule\":5:{s:22:\"\0*\0scheduled_timestamp\";i:1707730981;s:18:\"\0*\0first_timestamp\";i:1705447126;s:13:\"\0*\0recurrence\";i:86400;s:49:\"\0ActionScheduler_IntervalSchedule\0start_timestamp\";i:1707730981;s:53:\"\0ActionScheduler_IntervalSchedule\0interval_in_seconds\";i:86400;}',4,1,'2024-02-12 10:06:02','2024-02-12 11:06:02',0,NULL,10),
(11120,'woocommerce_cleanup_draft_orders','failed','2024-02-13 10:06:02','2024-02-13 11:06:02','[]','O:32:\"ActionScheduler_IntervalSchedule\":5:{s:22:\"\0*\0scheduled_timestamp\";i:1707818762;s:18:\"\0*\0first_timestamp\";i:1705447126;s:13:\"\0*\0recurrence\";i:86400;s:49:\"\0ActionScheduler_IntervalSchedule\0start_timestamp\";i:1707818762;s:53:\"\0ActionScheduler_IntervalSchedule\0interval_in_seconds\";i:86400;}',4,1,'2024-02-13 10:30:01','2024-02-13 11:30:01',0,NULL,10),
(11146,'woocommerce_cleanup_draft_orders','failed','2024-02-14 10:30:01','2024-02-14 11:30:01','[]','O:32:\"ActionScheduler_IntervalSchedule\":5:{s:22:\"\0*\0scheduled_timestamp\";i:1707906601;s:18:\"\0*\0first_timestamp\";i:1705447126;s:13:\"\0*\0recurrence\";i:86400;s:49:\"\0ActionScheduler_IntervalSchedule\0start_timestamp\";i:1707906601;s:53:\"\0ActionScheduler_IntervalSchedule\0interval_in_seconds\";i:86400;}',4,1,'2024-02-14 10:54:01','2024-02-14 11:54:01',0,NULL,10),
(11173,'woocommerce_cleanup_draft_orders','failed','2024-02-15 10:54:01','2024-02-15 11:54:01','[]','O:32:\"ActionScheduler_IntervalSchedule\":5:{s:22:\"\0*\0scheduled_timestamp\";i:1707994441;s:18:\"\0*\0first_timestamp\";i:1705447126;s:13:\"\0*\0recurrence\";i:86400;s:49:\"\0ActionScheduler_IntervalSchedule\0start_timestamp\";i:1707994441;s:53:\"\0ActionScheduler_IntervalSchedule\0interval_in_seconds\";i:86400;}',4,1,'2024-02-15 11:17:01','2024-02-15 12:17:01',0,NULL,10),
(11200,'woocommerce_cleanup_draft_orders','failed','2024-02-16 11:17:01','2024-02-16 12:17:01','[]','O:32:\"ActionScheduler_IntervalSchedule\":5:{s:22:\"\0*\0scheduled_timestamp\";i:1708082221;s:18:\"\0*\0first_timestamp\";i:1705447126;s:13:\"\0*\0recurrence\";i:86400;s:49:\"\0ActionScheduler_IntervalSchedule\0start_timestamp\";i:1708082221;s:53:\"\0ActionScheduler_IntervalSchedule\0interval_in_seconds\";i:86400;}',4,1,'2024-02-16 11:40:01','2024-02-16 12:40:01',0,NULL,10),
(11226,'woocommerce_cleanup_draft_orders','failed','2024-02-17 11:40:01','2024-02-17 12:40:01','[]','O:32:\"ActionScheduler_IntervalSchedule\":5:{s:22:\"\0*\0scheduled_timestamp\";i:1708170001;s:18:\"\0*\0first_timestamp\";i:1705447126;s:13:\"\0*\0recurrence\";i:86400;s:49:\"\0ActionScheduler_IntervalSchedule\0start_timestamp\";i:1708170001;s:53:\"\0ActionScheduler_IntervalSchedule\0interval_in_seconds\";i:86400;}',4,1,'2024-02-17 12:02:01','2024-02-17 13:02:01',0,NULL,10),
(20136,'action_scheduler/migration_hook','failed','2025-05-07 12:20:12','2025-05-07 14:20:12','[]','O:30:\"ActionScheduler_SimpleSchedule\":2:{s:22:\"\0*\0scheduled_timestamp\";i:1746620412;s:41:\"\0ActionScheduler_SimpleSchedule\0timestamp\";i:1746620412;}',2,1,'2025-05-07 12:20:40','2025-05-07 14:20:40',0,NULL,10),
(20140,'action_scheduler/migration_hook','complete','2025-09-30 15:36:24','2025-09-30 17:36:24','[]','O:30:\"ActionScheduler_SimpleSchedule\":2:{s:22:\"\0*\0scheduled_timestamp\";i:1759246584;s:41:\"\0ActionScheduler_SimpleSchedule\0timestamp\";i:1759246584;}',2,1,'2025-10-01 02:14:00','2025-10-01 04:14:00',0,NULL,10),
(20144,'aioseo_report_summary','pending','2025-10-30 15:35:24','2025-10-30 16:35:24','{\"frequency\":\"monthly\"}','O:32:\"ActionScheduler_IntervalSchedule\":5:{s:22:\"\0*\0scheduled_timestamp\";i:1761838524;s:18:\"\0*\0first_timestamp\";i:1743676680;s:13:\"\0*\0recurrence\";i:2592000;s:49:\"\0ActionScheduler_IntervalSchedule\0start_timestamp\";i:1761838524;s:53:\"\0ActionScheduler_IntervalSchedule\0interval_in_seconds\";i:2592000;}',1,0,'0000-00-00 00:00:00','0000-00-00 00:00:00',0,NULL,10),
(20204,'aioseo_ai_update_credits','complete','2025-10-23 02:11:04','2025-10-23 04:11:04','[]','O:32:\"ActionScheduler_IntervalSchedule\":5:{s:22:\"\0*\0scheduled_timestamp\";i:1761185464;s:18:\"\0*\0first_timestamp\";i:1759332924;s:13:\"\0*\0recurrence\";i:86400;s:49:\"\0ActionScheduler_IntervalSchedule\0start_timestamp\";i:1761185464;s:53:\"\0ActionScheduler_IntervalSchedule\0interval_in_seconds\";i:86400;}',1,1,'2025-10-23 12:25:03','2025-10-23 14:25:03',0,NULL,10),
(20205,'aioseo_cache_prune','complete','2025-10-23 02:11:04','2025-10-23 04:11:04','[]','O:32:\"ActionScheduler_IntervalSchedule\":5:{s:22:\"\0*\0scheduled_timestamp\";i:1761185464;s:18:\"\0*\0first_timestamp\";i:1650964418;s:13:\"\0*\0recurrence\";i:86400;s:49:\"\0ActionScheduler_IntervalSchedule\0start_timestamp\";i:1761185464;s:53:\"\0ActionScheduler_IntervalSchedule\0interval_in_seconds\";i:86400;}',1,1,'2025-10-23 12:25:03','2025-10-23 14:25:03',0,NULL,10),
(20206,'aioseo_report_summary','pending','2025-10-29 03:16:58','2025-10-29 04:16:58','{\"frequency\":\"weekly\"}','O:32:\"ActionScheduler_IntervalSchedule\":5:{s:22:\"\0*\0scheduled_timestamp\";i:1761707818;s:18:\"\0*\0first_timestamp\";i:1741603080;s:13:\"\0*\0recurrence\";i:604800;s:49:\"\0ActionScheduler_IntervalSchedule\0start_timestamp\";i:1761707818;s:53:\"\0ActionScheduler_IntervalSchedule\0interval_in_seconds\";i:604800;}',1,0,'0000-00-00 00:00:00','0000-00-00 00:00:00',0,NULL,10),
(20207,'aioseo_image_sitemap_scan','complete','2025-10-22 03:31:58','2025-10-22 05:31:58','[]','O:30:\"ActionScheduler_SimpleSchedule\":2:{s:22:\"\0*\0scheduled_timestamp\";i:1761103918;s:41:\"\0ActionScheduler_SimpleSchedule\0timestamp\";i:1761103918;}',1,1,'2025-10-23 12:25:02','2025-10-23 14:25:02',0,NULL,10),
(20208,'aioseo_image_sitemap_scan','complete','2025-10-23 12:40:02','2025-10-23 14:40:02','[]','O:30:\"ActionScheduler_SimpleSchedule\":2:{s:22:\"\0*\0scheduled_timestamp\";i:1761223202;s:41:\"\0ActionScheduler_SimpleSchedule\0timestamp\";i:1761223202;}',1,1,'2025-10-24 07:53:06','2025-10-24 09:53:06',0,NULL,10),
(20209,'aioseo_ai_update_credits','pending','2025-10-24 12:25:03','2025-10-24 14:25:03','[]','O:32:\"ActionScheduler_IntervalSchedule\":5:{s:22:\"\0*\0scheduled_timestamp\";i:1761308703;s:18:\"\0*\0first_timestamp\";i:1759332924;s:13:\"\0*\0recurrence\";i:86400;s:49:\"\0ActionScheduler_IntervalSchedule\0start_timestamp\";i:1761308703;s:53:\"\0ActionScheduler_IntervalSchedule\0interval_in_seconds\";i:86400;}',1,0,'0000-00-00 00:00:00','0000-00-00 00:00:00',0,NULL,10),
(20210,'aioseo_cache_prune','pending','2025-10-24 12:25:03','2025-10-24 14:25:03','[]','O:32:\"ActionScheduler_IntervalSchedule\":5:{s:22:\"\0*\0scheduled_timestamp\";i:1761308703;s:18:\"\0*\0first_timestamp\";i:1650964418;s:13:\"\0*\0recurrence\";i:86400;s:49:\"\0ActionScheduler_IntervalSchedule\0start_timestamp\";i:1761308703;s:53:\"\0ActionScheduler_IntervalSchedule\0interval_in_seconds\";i:86400;}',1,0,'0000-00-00 00:00:00','0000-00-00 00:00:00',0,NULL,10),
(20211,'aioseo_image_sitemap_scan','pending','2025-10-24 08:08:06','2025-10-24 10:08:06','[]','O:30:\"ActionScheduler_SimpleSchedule\":2:{s:22:\"\0*\0scheduled_timestamp\";i:1761293286;s:41:\"\0ActionScheduler_SimpleSchedule\0timestamp\";i:1761293286;}',1,0,'0000-00-00 00:00:00','0000-00-00 00:00:00',0,NULL,10);
commit;

--
-- Table structure for table `wpgtm_actionscheduler_claims`
--

CREATE TABLE `wpgtm_actionscheduler_claims` (
  `claim_id` bigint(20) unsigned NOT NULL AUTO_INCREMENT,
  `date_created_gmt` datetime NOT NULL DEFAULT '0000-00-00 00:00:00',
  PRIMARY KEY (`claim_id`),
  KEY `date_created_gmt` (`date_created_gmt`)
) ENGINE=InnoDB AUTO_INCREMENT=109204 DEFAULT CHARSET=utf8mb4 COLLATE=utf8mb4_unicode_ci;

--
-- Dumping data for table `wpgtm_actionscheduler_claims`
--

set autocommit=0;
INSERT INTO `wpgtm_actionscheduler_claims` VALUES
(43829,'2024-11-03 04:00:02'),
(47156,'2024-12-04 01:08:00');
commit;

--
-- Table structure for table `wpgtm_actionscheduler_groups`
--

CREATE TABLE `wpgtm_actionscheduler_groups` (
  `group_id` bigint(20) unsigned NOT NULL AUTO_INCREMENT,
  `slug` varchar(255) NOT NULL,
  PRIMARY KEY (`group_id`),
  KEY `slug` (`slug`(191))
) ENGINE=InnoDB AUTO_INCREMENT=7 DEFAULT CHARSET=utf8mb4 COLLATE=utf8mb4_unicode_ci;

--
-- Dumping data for table `wpgtm_actionscheduler_groups`
--

set autocommit=0;
INSERT INTO `wpgtm_actionscheduler_groups` VALUES
(1,'aioseo'),
(2,'action-scheduler-migration'),
(3,'wc-admin-data'),
(4,''),
(5,'woocommerce-remote-inbox-engine'),
(6,'woocommerce-db-updates');
commit;

--
-- Table structure for table `wpgtm_actionscheduler_logs`
--

CREATE TABLE `wpgtm_actionscheduler_logs` (
  `log_id` bigint(20) unsigned NOT NULL AUTO_INCREMENT,
  `action_id` bigint(20) unsigned NOT NULL,
  `message` text NOT NULL,
  `log_date_gmt` datetime DEFAULT '0000-00-00 00:00:00',
  `log_date_local` datetime DEFAULT '0000-00-00 00:00:00',
  PRIMARY KEY (`log_id`),
  KEY `action_id` (`action_id`),
  KEY `log_date_gmt` (`log_date_gmt`)
) ENGINE=InnoDB AUTO_INCREMENT=56971 DEFAULT CHARSET=utf8mb4 COLLATE=utf8mb4_unicode_ci;

--
-- Dumping data for table `wpgtm_actionscheduler_logs`
--

set autocommit=0;
INSERT INTO `wpgtm_actionscheduler_logs` VALUES
(23039,8899,'action created','2023-11-14 12:53:02','2023-11-14 13:53:02'),
(23040,8899,'action started via WP Cron','2023-11-14 12:55:02','2023-11-14 13:55:02'),
(23041,8899,'action failed via WP Cron: Scheduled action for action_scheduler/migration_hook will not be executed as no callbacks are registered.','2023-11-14 12:55:02','2023-11-14 13:55:02'),
(27498,10386,'akcja została utworzona','2024-01-16 23:19:10','2024-01-17 00:19:10'),
(27543,10401,'akcja została utworzona','2024-01-16 23:32:43','2024-01-17 00:32:43'),
(27544,10401,'akcja rozpoczęta przez WP Cron','2024-01-16 23:32:43','2024-01-17 00:32:43'),
(27545,10401,'nie powiodła się akcja przez WP Cron: Scheduled action for woocommerce_admin/stored_state_setup_for_products/async/run_remote_notifications will not be executed as no callbacks are registered.','2024-01-16 23:32:43','2024-01-17 00:32:43'),
(27639,10386,'action started via WP Cron','2024-01-18 00:10:02','2024-01-18 01:10:02'),
(27640,10386,'action failed via WP Cron: Scheduled action for woocommerce_cleanup_draft_orders will not be executed as no callbacks are registered.','2024-01-18 00:10:02','2024-01-18 01:10:02'),
(27641,10433,'action created','2024-01-18 00:10:02','2024-01-18 01:10:02'),
(27720,10433,'action started via WP Cron','2024-01-19 00:34:02','2024-01-19 01:34:02'),
(27721,10433,'action failed via WP Cron: Scheduled action for woocommerce_cleanup_draft_orders will not be executed as no callbacks are registered.','2024-01-19 00:34:02','2024-01-19 01:34:02'),
(27722,10460,'action created','2024-01-19 00:34:02','2024-01-19 01:34:02'),
(27801,10460,'action started via WP Cron','2024-01-20 00:58:03','2024-01-20 01:58:03'),
(27802,10460,'action failed via WP Cron: Scheduled action for woocommerce_cleanup_draft_orders will not be executed as no callbacks are registered.','2024-01-20 00:58:03','2024-01-20 01:58:03'),
(27803,10487,'action created','2024-01-20 00:58:03','2024-01-20 01:58:03'),
(27882,10487,'action started via WP Cron','2024-01-21 01:14:16','2024-01-21 02:14:16'),
(27883,10487,'action failed via WP Cron: Scheduled action for woocommerce_cleanup_draft_orders will not be executed as no callbacks are registered.','2024-01-21 01:14:16','2024-01-21 02:14:16'),
(27884,10514,'action created','2024-01-21 01:14:16','2024-01-21 02:14:16'),
(27963,10514,'action started via WP Cron','2024-01-22 01:25:34','2024-01-22 02:25:34'),
(27964,10514,'action failed via WP Cron: Scheduled action for woocommerce_cleanup_draft_orders will not be executed as no callbacks are registered.','2024-01-22 01:25:34','2024-01-22 02:25:34'),
(27965,10541,'action created','2024-01-22 01:25:34','2024-01-22 02:25:34'),
(28047,10541,'action started via WP Cron','2024-01-23 02:10:02','2024-01-23 03:10:02'),
(28048,10541,'action failed via WP Cron: Scheduled action for woocommerce_cleanup_draft_orders will not be executed as no callbacks are registered.','2024-01-23 02:10:02','2024-01-23 03:10:02'),
(28049,10569,'action created','2024-01-23 02:10:02','2024-01-23 03:10:02'),
(28128,10569,'action started via WP Cron','2024-01-24 02:34:02','2024-01-24 03:34:02'),
(28129,10569,'action failed via WP Cron: Scheduled action for woocommerce_cleanup_draft_orders will not be executed as no callbacks are registered.','2024-01-24 02:34:02','2024-01-24 03:34:02'),
(28130,10596,'action created','2024-01-24 02:34:02','2024-01-24 03:34:02'),
(28212,10596,'action started via WP Cron','2024-01-25 02:57:02','2024-01-25 03:57:02'),
(28213,10596,'action failed via WP Cron: Scheduled action for woocommerce_cleanup_draft_orders will not be executed as no callbacks are registered.','2024-01-25 02:57:02','2024-01-25 03:57:02'),
(28214,10624,'action created','2024-01-25 02:57:02','2024-01-25 03:57:02'),
(28290,10624,'action started via WP Cron','2024-01-26 03:18:02','2024-01-26 04:18:02'),
(28291,10624,'action failed via WP Cron: Scheduled action for woocommerce_cleanup_draft_orders will not be executed as no callbacks are registered.','2024-01-26 03:18:02','2024-01-26 04:18:02'),
(28292,10650,'action created','2024-01-26 03:18:02','2024-01-26 04:18:02'),
(28371,10650,'action started via WP Cron','2024-01-27 03:42:01','2024-01-27 04:42:01'),
(28372,10650,'action failed via WP Cron: Scheduled action for woocommerce_cleanup_draft_orders will not be executed as no callbacks are registered.','2024-01-27 03:42:01','2024-01-27 04:42:01'),
(28373,10677,'action created','2024-01-27 03:42:01','2024-01-27 04:42:01'),
(28452,10677,'action started via WP Cron','2024-01-28 04:05:02','2024-01-28 05:05:02'),
(28453,10677,'action failed via WP Cron: Scheduled action for woocommerce_cleanup_draft_orders will not be executed as no callbacks are registered.','2024-01-28 04:05:02','2024-01-28 05:05:02'),
(28454,10704,'action created','2024-01-28 04:05:02','2024-01-28 05:05:02'),
(28533,10704,'action started via WP Cron','2024-01-29 04:30:01','2024-01-29 05:30:01'),
(28534,10704,'action failed via WP Cron: Scheduled action for woocommerce_cleanup_draft_orders will not be executed as no callbacks are registered.','2024-01-29 04:30:01','2024-01-29 05:30:01'),
(28535,10731,'action created','2024-01-29 04:30:01','2024-01-29 05:30:01'),
(28638,10731,'action started via WP Cron','2024-01-30 05:28:01','2024-01-30 06:28:01'),
(28639,10731,'action failed via WP Cron: Scheduled action for woocommerce_cleanup_draft_orders will not be executed as no callbacks are registered.','2024-01-30 05:28:01','2024-01-30 06:28:01'),
(28640,10766,'action created','2024-01-30 05:28:01','2024-01-30 06:28:01'),
(28722,10766,'action started via WP Cron','2024-01-31 05:52:02','2024-01-31 06:52:02'),
(28723,10766,'action failed via WP Cron: Scheduled action for woocommerce_cleanup_draft_orders will not be executed as no callbacks are registered.','2024-01-31 05:52:02','2024-01-31 06:52:02'),
(28724,10794,'action created','2024-01-31 05:52:02','2024-01-31 06:52:02'),
(28800,10794,'action started via WP Cron','2024-02-01 06:15:01','2024-02-01 07:15:01'),
(28801,10794,'action failed via WP Cron: Scheduled action for woocommerce_cleanup_draft_orders will not be executed as no callbacks are registered.','2024-02-01 06:15:01','2024-02-01 07:15:01'),
(28802,10820,'action created','2024-02-01 06:15:01','2024-02-01 07:15:01'),
(28884,10820,'action started via WP Cron','2024-02-02 06:39:02','2024-02-02 07:39:02'),
(28885,10820,'action failed via WP Cron: Scheduled action for woocommerce_cleanup_draft_orders will not be executed as no callbacks are registered.','2024-02-02 06:39:02','2024-02-02 07:39:02'),
(28886,10848,'action created','2024-02-02 06:39:02','2024-02-02 07:39:02'),
(28962,10848,'action started via WP Cron','2024-02-03 07:03:02','2024-02-03 08:03:02'),
(28963,10848,'action failed via WP Cron: Scheduled action for woocommerce_cleanup_draft_orders will not be executed as no callbacks are registered.','2024-02-03 07:03:02','2024-02-03 08:03:02'),
(28964,10874,'action created','2024-02-03 07:03:02','2024-02-03 08:03:02'),
(29040,10874,'action started via WP Cron','2024-02-04 07:27:02','2024-02-04 08:27:02'),
(29041,10874,'action failed via WP Cron: Scheduled action for woocommerce_cleanup_draft_orders will not be executed as no callbacks are registered.','2024-02-04 07:27:02','2024-02-04 08:27:02'),
(29042,10900,'action created','2024-02-04 07:27:02','2024-02-04 08:27:02'),
(29118,10900,'action started via WP Cron','2024-02-05 07:51:01','2024-02-05 08:51:01'),
(29119,10900,'action failed via WP Cron: Scheduled action for woocommerce_cleanup_draft_orders will not be executed as no callbacks are registered.','2024-02-05 07:51:01','2024-02-05 08:51:01'),
(29120,10926,'action created','2024-02-05 07:51:01','2024-02-05 08:51:01'),
(29196,10926,'action started via WP Cron','2024-02-06 08:15:01','2024-02-06 09:15:01'),
(29197,10926,'action failed via WP Cron: Scheduled action for woocommerce_cleanup_draft_orders will not be executed as no callbacks are registered.','2024-02-06 08:15:01','2024-02-06 09:15:01'),
(29198,10952,'action created','2024-02-06 08:15:01','2024-02-06 09:15:01'),
(29274,10952,'action started via WP Cron','2024-02-07 08:37:01','2024-02-07 09:37:01'),
(29275,10952,'action failed via WP Cron: Scheduled action for woocommerce_cleanup_draft_orders will not be executed as no callbacks are registered.','2024-02-07 08:37:01','2024-02-07 09:37:01'),
(29276,10978,'action created','2024-02-07 08:37:01','2024-02-07 09:37:01'),
(29370,10978,'action started via WP Cron','2024-02-08 08:42:22','2024-02-08 09:42:22'),
(29371,10978,'action failed via WP Cron: Scheduled action for woocommerce_cleanup_draft_orders will not be executed as no callbacks are registered.','2024-02-08 08:42:22','2024-02-08 09:42:22'),
(29372,11010,'action created','2024-02-08 08:42:22','2024-02-08 09:42:22'),
(29457,11010,'action started via WP Cron','2024-02-09 08:57:02','2024-02-09 09:57:02'),
(29458,11010,'action failed via WP Cron: Scheduled action for woocommerce_cleanup_draft_orders will not be executed as no callbacks are registered.','2024-02-09 08:57:02','2024-02-09 09:57:02'),
(29459,11039,'action created','2024-02-09 08:57:02','2024-02-09 09:57:02'),
(29535,11039,'action started via WP Cron','2024-02-10 09:21:02','2024-02-10 10:21:02'),
(29536,11039,'action failed via WP Cron: Scheduled action for woocommerce_cleanup_draft_orders will not be executed as no callbacks are registered.','2024-02-10 09:21:02','2024-02-10 10:21:02'),
(29537,11065,'action created','2024-02-10 09:21:02','2024-02-10 10:21:02'),
(29616,11065,'action started via WP Cron','2024-02-11 09:43:01','2024-02-11 10:43:01'),
(29617,11065,'action failed via WP Cron: Scheduled action for woocommerce_cleanup_draft_orders will not be executed as no callbacks are registered.','2024-02-11 09:43:01','2024-02-11 10:43:01'),
(29618,11092,'action created','2024-02-11 09:43:01','2024-02-11 10:43:01'),
(29700,11092,'action started via WP Cron','2024-02-12 10:06:02','2024-02-12 11:06:02'),
(29701,11092,'action failed via WP Cron: Scheduled action for woocommerce_cleanup_draft_orders will not be executed as no callbacks are registered.','2024-02-12 10:06:02','2024-02-12 11:06:02'),
(29702,11120,'action created','2024-02-12 10:06:02','2024-02-12 11:06:02'),
(29778,11120,'action started via WP Cron','2024-02-13 10:30:01','2024-02-13 11:30:01'),
(29779,11120,'action failed via WP Cron: Scheduled action for woocommerce_cleanup_draft_orders will not be executed as no callbacks are registered.','2024-02-13 10:30:01','2024-02-13 11:30:01'),
(29780,11146,'action created','2024-02-13 10:30:01','2024-02-13 11:30:01'),
(29859,11146,'action started via WP Cron','2024-02-14 10:54:01','2024-02-14 11:54:01'),
(29860,11146,'action failed via WP Cron: Scheduled action for woocommerce_cleanup_draft_orders will not be executed as no callbacks are registered.','2024-02-14 10:54:01','2024-02-14 11:54:01'),
(29861,11173,'action created','2024-02-14 10:54:01','2024-02-14 11:54:01'),
(29940,11173,'action started via WP Cron','2024-02-15 11:17:01','2024-02-15 12:17:01'),
(29941,11173,'action failed via WP Cron: Scheduled action for woocommerce_cleanup_draft_orders will not be executed as no callbacks are registered.','2024-02-15 11:17:01','2024-02-15 12:17:01'),
(29942,11200,'action created','2024-02-15 11:17:01','2024-02-15 12:17:01'),
(30018,11200,'action started via WP Cron','2024-02-16 11:40:01','2024-02-16 12:40:01'),
(30019,11200,'action failed via WP Cron: Scheduled action for woocommerce_cleanup_draft_orders will not be executed as no callbacks are registered.','2024-02-16 11:40:01','2024-02-16 12:40:01'),
(30020,11226,'action created','2024-02-16 11:40:01','2024-02-16 12:40:01'),
(30099,11226,'action started via WP Cron','2024-02-17 12:02:01','2024-02-17 13:02:01'),
(30100,11226,'action failed via WP Cron: Scheduled action for woocommerce_cleanup_draft_orders will not be executed as no callbacks are registered.','2024-02-17 12:02:01','2024-02-17 13:02:01'),
(30101,11226,'This action appears to be consistently failing. A new instance will not be scheduled.','2024-02-17 12:02:01','2024-02-17 13:02:01'),
(56745,20136,'action created','2025-05-07 12:19:12','2025-05-07 14:19:12'),
(56746,20136,'action started via WP Cron','2025-05-07 12:20:40','2025-05-07 14:20:40'),
(56747,20136,'action failed via WP Cron: Scheduled action for action_scheduler/migration_hook will not be executed as no callbacks are registered.','2025-05-07 12:20:40','2025-05-07 14:20:40'),
(56751,20140,'action created','2025-09-30 15:35:24','2025-09-30 17:35:24'),
(56763,20144,'action created','2025-09-30 15:35:24','2025-09-30 17:35:24'),
(56777,20140,'action started via WP Cron','2025-10-01 02:14:00','2025-10-01 04:14:00'),
(56778,20140,'action complete via WP Cron','2025-10-01 02:14:00','2025-10-01 04:14:00'),
(56949,20204,'action created','2025-10-22 02:11:04','2025-10-22 04:11:04'),
(56952,20205,'action created','2025-10-22 02:11:04','2025-10-22 04:11:04'),
(56955,20206,'action created','2025-10-22 03:16:58','2025-10-22 05:16:58'),
(56957,20207,'action created','2025-10-22 03:16:58','2025-10-22 05:16:58'),
(56959,20207,'action started via WP Cron','2025-10-23 12:25:02','2025-10-23 14:25:02'),
(56960,20208,'action created','2025-10-23 12:25:02','2025-10-23 14:25:02'),
(56961,20207,'action complete via WP Cron','2025-10-23 12:25:02','2025-10-23 14:25:02'),
(56962,20204,'action started via WP Cron','2025-10-23 12:25:02','2025-10-23 14:25:02'),
(56963,20204,'action complete via WP Cron','2025-10-23 12:25:03','2025-10-23 14:25:03'),
(56964,20209,'action created','2025-10-23 12:25:03','2025-10-23 14:25:03'),
(56965,20205,'action started via WP Cron','2025-10-23 12:25:03','2025-10-23 14:25:03'),
(56966,20205,'action complete via WP Cron','2025-10-23 12:25:03','2025-10-23 14:25:03'),
(56967,20210,'action created','2025-10-23 12:25:03','2025-10-23 14:25:03'),
(56968,20208,'action started via WP Cron','2025-10-24 07:53:06','2025-10-24 09:53:06'),
(56969,20211,'action created','2025-10-24 07:53:06','2025-10-24 09:53:06'),
(56970,20208,'action complete via WP Cron','2025-10-24 07:53:06','2025-10-24 09:53:06');
commit;

--
-- Table structure for table `wpgtm_aioseo_cache`
--

CREATE TABLE `wpgtm_aioseo_cache` (
  `id` bigint(20) unsigned NOT NULL AUTO_INCREMENT,
  `key` varchar(80) NOT NULL,
  `value` longtext NOT NULL,
  `expiration` datetime DEFAULT NULL,
  `created` datetime NOT NULL,
  `updated` datetime NOT NULL,
  PRIMARY KEY (`id`),
  UNIQUE KEY `ndx_aioseo_cache_key` (`key`),
  KEY `ndx_aioseo_cache_expiration` (`expiration`)
) ENGINE=InnoDB AUTO_INCREMENT=98 DEFAULT CHARSET=utf8mb4 COLLATE=utf8mb4_unicode_ci;

--
-- Dumping data for table `wpgtm_aioseo_cache`
--

set autocommit=0;
INSERT INTO `wpgtm_aioseo_cache` VALUES
(1,'addons','a:9:{i:0;a:15:{s:3:\"sku\";s:16:\"aioseo-redirects\";s:4:\"name\";s:19:\"Redirection Manager\";s:7:\"version\";s:6:\"1.4.14\";s:5:\"image\";N;s:4:\"icon\";s:480:\"PHN2ZyB2aWV3Qm94PSIwIDAgMjQgMjQiIGZpbGw9Im5vbmUiIHhtbG5zPSJodHRwOi8vd3d3LnczLm9yZy8yMDAwL3N2ZyIgY2xhc3M9ImFpb3Nlby1yZWRpcmVjdCI+PHBhdGggZmlsbC1ydWxlPSJldmVub2RkIiBjbGlwLXJ1bGU9ImV2ZW5vZGQiIGQ9Ik0xMC41OSA5LjE3TDUuNDEgNEw0IDUuNDFMOS4xNyAxMC41OEwxMC41OSA5LjE3Wk0xNC41IDRMMTYuNTQgNi4wNEw0IDE4LjU5TDUuNDEgMjBMMTcuOTYgNy40NkwyMCA5LjVWNEgxNC41Wk0xMy40MiAxNC44MkwxNC44MyAxMy40MUwxNy45NiAxNi41NEwyMCAxNC41VjIwSDE0LjVMMTYuNTUgMTcuOTVMMTMuNDIgMTQuODJaIiBmaWxsPSJjdXJyZW50Q29sb3IiIC8+PC9zdmc+\";s:6:\"levels\";a:4:{i:0;s:8:\"business\";i:1;s:6:\"agency\";i:2;s:3:\"pro\";i:3;s:5:\"elite\";}s:13:\"currentLevels\";a:2:{i:0;s:3:\"pro\";i:1;s:5:\"elite\";}s:15:\"requiresUpgrade\";b:1;s:11:\"description\";s:101:\"<p>Our Redirection Manager allows you to create and manage redirects for 404s or modified posts.</p>\n\";s:18:\"descriptionVersion\";i:0;s:11:\"downloadUrl\";s:0:\"\";s:10:\"productUrl\";s:48:\"https://aioseo.com/features/redirection-manager/\";s:12:\"learnMoreUrl\";s:48:\"https://aioseo.com/features/redirection-manager/\";s:9:\"manageUrl\";s:40:\"https://route#aioseo-redirects:redirects\";s:8:\"features\";a:1:{i:0;a:2:{s:13:\"license_level\";s:5:\"elite\";s:7:\"feature\";s:19:\"404-parent-redirect\";}}}i:1;a:15:{s:3:\"sku\";s:21:\"aioseo-link-assistant\";s:4:\"name\";s:14:\"Link Assistant\";s:7:\"version\";s:6:\"1.1.11\";s:5:\"image\";N;s:4:\"icon\";s:516:\"PHN2ZyB2aWV3Qm94PSIwIDAgMjQgMjQiIGZpbGw9Im5vbmUiIHhtbG5zPSJodHRwOi8vd3d3LnczLm9yZy8yMDAwL3N2ZyI+PHBhdGggZmlsbC1ydWxlPSJldmVub2RkIiBjbGlwLXJ1bGU9ImV2ZW5vZGQiIGQ9Ik0xMSAxNUg3QzUuMzUgMTUgNCAxMy42NSA0IDEyQzQgMTAuMzUgNS4zNSA5IDcgOUgxMVY3SDdDNC4yNCA3IDIgOS4yNCAyIDEyQzIgMTQuNzYgNC4yNCAxNyA3IDE3SDExVjE1Wk0xNyA3SDEzVjlIMTdDMTguNjUgOSAyMCAxMC4zNSAyMCAxMkMyMCAxMy42NSAxOC42NSAxNSAxNyAxNUgxM1YxN0gxN0MxOS43NiAxNyAyMiAxNC43NiAyMiAxMkMyMiA5LjI0IDE5Ljc2IDcgMTcgN1pNMTYgMTFIOFYxM0gxNlYxMVoiIGZpbGw9ImN1cnJlbnRDb2xvciIvPjwvc3ZnPgo=\";s:6:\"levels\";a:3:{i:0;s:6:\"agency\";i:1;s:3:\"pro\";i:2;s:5:\"elite\";}s:13:\"currentLevels\";a:2:{i:0;s:3:\"pro\";i:1;s:5:\"elite\";}s:15:\"requiresUpgrade\";b:1;s:11:\"description\";s:283:\"<p>Super-charge your SEO with Link Assistant! Get relevant suggestions for adding internal links to older content as well as finding any orphaned posts that have no internal links. Use our reporting feature to see all link suggestions or add them directly from any page or post.</p>\n\";s:18:\"descriptionVersion\";i:0;s:11:\"downloadUrl\";s:0:\"\";s:10:\"productUrl\";s:39:\"https://aioseo.com/docs/link-assistant/\";s:12:\"learnMoreUrl\";s:39:\"https://aioseo.com/docs/link-assistant/\";s:9:\"manageUrl\";s:44:\"https://route#aioseo-link-assistant:overview\";s:8:\"features\";a:0:{}}i:2;a:15:{s:3:\"sku\";s:20:\"aioseo-video-sitemap\";s:4:\"name\";s:13:\"Video Sitemap\";s:7:\"version\";s:6:\"1.1.21\";s:5:\"image\";N;s:4:\"icon\";s:420:\"PHN2ZyB4bWxucz0iaHR0cDovL3d3dy53My5vcmcvMjAwMC9zdmciIHZpZXdCb3g9IjAgMCAyMCAyMCI+PHBhdGggZmlsbC1ydWxlPSJldmVub2RkIiBkPSJNMy4zMzMgNWgxMGMuNDU5IDAgLjgzNC4zNzUuODM0LjgzM1Y4Ljc1TDE3LjUgNS40MTd2OS4xNjZsLTMuMzMzLTMuMzMzdjIuOTE3YS44MzYuODM2IDAgMCAxLS44MzQuODMzaC0xMGEuODM2LjgzNiAwIDAgMS0uODMzLS44MzNWNS44MzNjMC0uNDU4LjM3NS0uODMzLjgzMy0uODMzWm05LjE2NyA4LjMzM1Y2LjY2N0g0LjE2N3Y2LjY2NkgxMi41WiIgY2xpcC1ydWxlPSJldmVub2RkIi8+PC9zdmc+\";s:6:\"levels\";a:5:{i:0;s:10:\"individual\";i:1;s:8:\"business\";i:2;s:6:\"agency\";i:3;s:3:\"pro\";i:4;s:5:\"elite\";}s:13:\"currentLevels\";a:2:{i:0;s:3:\"pro\";i:1;s:5:\"elite\";}s:15:\"requiresUpgrade\";b:1;s:11:\"description\";s:243:\"<p>The Video Sitemap works in much the same way as the XML Sitemap module, it generates an XML Sitemap specifically for video content on your site. Search engines use this information to display rich snippet information in search results.</p>\n\";s:18:\"descriptionVersion\";i:0;s:11:\"downloadUrl\";s:0:\"\";s:10:\"productUrl\";s:54:\"https://aioseo.com/docs/how-to-create-a-video-sitemap/\";s:12:\"learnMoreUrl\";s:54:\"https://aioseo.com/docs/how-to-create-a-video-sitemap/\";s:9:\"manageUrl\";s:43:\"https://route#aioseo-sitemaps:video-sitemap\";s:8:\"features\";a:0:{}}i:3;a:15:{s:3:\"sku\";s:21:\"aioseo-local-business\";s:4:\"name\";s:18:\"Local Business SEO\";s:7:\"version\";s:6:\"1.3.11\";s:5:\"image\";N;s:4:\"icon\";s:18:\"svg-local-business\";s:6:\"levels\";a:5:{i:0;s:8:\"business\";i:1;s:6:\"agency\";i:2;s:4:\"plus\";i:3;s:3:\"pro\";i:4;s:5:\"elite\";}s:13:\"currentLevels\";a:3:{i:0;s:4:\"plus\";i:1;s:3:\"pro\";i:2;s:5:\"elite\";}s:15:\"requiresUpgrade\";b:1;s:11:\"description\";s:253:\"<p>Local Business schema markup enables you to tell Google about your business, including your business name, address and phone number, opening hours and price range. This information may be displayed as a Knowledge Graph card or business carousel.</p>\n\";s:18:\"descriptionVersion\";i:0;s:11:\"downloadUrl\";s:0:\"\";s:10:\"productUrl\";s:43:\"https://aioseo.com/docs/local-business-seo/\";s:12:\"learnMoreUrl\";s:43:\"https://aioseo.com/docs/local-business-seo/\";s:9:\"manageUrl\";s:40:\"https://route#aioseo-local-seo:locations\";s:8:\"features\";a:0:{}}i:4;a:15:{s:3:\"sku\";s:19:\"aioseo-news-sitemap\";s:4:\"name\";s:12:\"News Sitemap\";s:7:\"version\";s:6:\"1.0.20\";s:5:\"image\";N;s:4:\"icon\";s:16:\"svg-sitemaps-pro\";s:6:\"levels\";a:4:{i:0;s:8:\"business\";i:1;s:6:\"agency\";i:2;s:3:\"pro\";i:3;s:5:\"elite\";}s:13:\"currentLevels\";a:2:{i:0;s:3:\"pro\";i:1;s:5:\"elite\";}s:15:\"requiresUpgrade\";b:1;s:11:\"description\";s:284:\"<p>Our Google News Sitemap lets you control which content you submit to Google News and only contains articles that were published in the last 48 hours. In order to submit a News Sitemap to Google, you must have added your site to Google’s Publisher Center and had it approved.</p>\n\";s:18:\"descriptionVersion\";i:0;s:11:\"downloadUrl\";s:0:\"\";s:10:\"productUrl\";s:60:\"https://aioseo.com/docs/how-to-create-a-google-news-sitemap/\";s:12:\"learnMoreUrl\";s:60:\"https://aioseo.com/docs/how-to-create-a-google-news-sitemap/\";s:9:\"manageUrl\";s:42:\"https://route#aioseo-sitemaps:news-sitemap\";s:8:\"features\";a:0:{}}i:5;a:15:{s:3:\"sku\";s:16:\"aioseo-index-now\";s:4:\"name\";s:8:\"IndexNow\";s:7:\"version\";s:6:\"1.0.13\";s:5:\"image\";N;s:4:\"icon\";s:1836:\"PHN2ZyB4bWxucz0iaHR0cDovL3d3dy53My5vcmcvMjAwMC9zdmciIHZpZXdCb3g9IjAgMCAyMCAyMCI+PHBhdGggZD0iTTE3LjY0NCAxMS42NTVjLS4zMjEtLjIyOS0uNjU0LS40NDYtLjk2NC0uNjk3LS42NDMtLjUzNC0uNjMxLTEuMzcyLjAyMy0xLjg4NC4zMS0uMjQuNjQyLS40NTguOTY0LS42OTcuMTg0LS4xMy4zMjEtLjI5NC4zMzMtLjUzNCAwLS4wMzIgMC0uMDc2LS4wMTItLjEyYTcuNDQyIDcuNDQyIDAgMCAwLTEuODkzLTMuMTQ3Yy0uMjA3LS4yMDctLjQ2LS4yNC0uNzQ2LS4xMmEyMi4wNSAyMi4wNSAwIDAgMS0xLjA2OC40MzZjLS45MTguMzQ4LTEuNjg3LS4wODctMS44MTMtMS4wMjQtLjA0Ni0uMzM4LS4wOC0uNjc1LS4xMTUtMS4wMTMtLjAzNC0uMzctLjI0LS41OTktLjYzLS42NzVhOC40NDYgOC40NDYgMCAwIDAtMy40NjcgMGMtLjM2Ny4wNzYtLjU3NC4yNzItLjYwOC42MzJhMTMuNzggMTMuNzggMCAwIDEtLjE2IDEuMTc2Yy0uMTYxLjgyOC0uOTE5IDEuMjMtMS43NDUuOTE1LS4zNTYtLjEzLS43MTItLjI5NC0xLjA2Ny0uNDQ3LS4zMzMtLjE0MS0uNjA5LS4wODctLjg1LjE2NGE3Ljc3OSA3Ljc3OSAwIDAgMC0xLjc3OSAyLjkxOGMtLjExNC4zMzgtLjAyMy42MS4yODcuODI4LjI5OS4yMDcuNjA5LjQxNC44OTUuNjMyLjc3LjU4OC43NTggMS40NDgtLjAyMiAyLjAxNC0uMjg3LjIwNy0uNTc0LjQxNC0uODYxLjYxLS4zMjIuMjE4LS40MTMuNTEyLS4yOTkuODZhNy44NyA3Ljg3IDAgMCAwIDEuNzQ1IDIuODg3Yy4yNC4yNS41MTYuMzE2Ljg1LjE4NS4zOS0uMTUzLjc2OC0uMzI3IDEuMTU4LS40NjguNzU4LS4yNzMgMS41MTUuMTIgMS42NzYuODcuMDguNDA0LjEyNi44MTguMTYgMS4yMi4wMzUuMzcuMjQxLjU2Ny41OTcuNjQzIDEuMTYuMjQgMi4zMDcuMjQgMy40NjYuMDExLjQxMy0uMDg3LjYwOC0uMzE2LjY0My0uNzA4LjAyMy0uMzI3LjA2OS0uNjUzLjEwMy0uOTcuMTE1LS45MjUuODk1LTEuMzgyIDEuODE0LTEuMDQ1LjM0NC4xMzEuNjg4LjI3MyAxLjAzMi40MjUuMzY4LjE1My42NjYuMDc2LjkxOC0uMjA3YTguNDk0IDguNDk0IDAgMCAwIDEuNzEtMi44MmMuMTUtLjMzOC4wNTgtLjYyMS0uMjc1LS44NXptLTkuNDguNjk3Yy0uMTAzLjEzLS4zMS4xMi0uNDEzLS4wMUw2LjAzIDEwLjE3M2EuMjIuMjIgMCAwIDEgMC0uMjgzbDEuOTI4LTIuNDI5IDEuNDY5IDEuNzItLjYzMS44NS41MjcuNzA4YS4yMDUuMjA1IDAgMCAxLS4wMTEuMjYyem01LjgzLTIuMTc4LTIuNDc5IDMuMDE3YS4yNi4yNiAwIDAgMS0uMjA2LjEwOUg5LjEwNWEuMjUuMjUgMCAwIDEtLjIwNi0uNDAzbDIuMzUzLTIuODY1LTIuNjc0LTMuMjY3aDIuODY5bDIuNTU5IDMuMTI2YS4yMzYuMjM2IDAgMCAxLS4wMTEuMjgzeiIvPjwvc3ZnPg==\";s:6:\"levels\";a:6:{i:0;s:8:\"business\";i:1;s:6:\"agency\";i:2;s:5:\"basic\";i:3;s:4:\"plus\";i:4;s:3:\"pro\";i:5;s:5:\"elite\";}s:13:\"currentLevels\";a:4:{i:0;s:5:\"basic\";i:1;s:4:\"plus\";i:2;s:3:\"pro\";i:3;s:5:\"elite\";}s:15:\"requiresUpgrade\";b:1;s:11:\"description\";s:193:\"<p>Add IndexNow support to instantly notify search engines when your content has changed. This helps the search engines to prioritize the changes on your website and helps you rank faster.</p>\n\";s:18:\"descriptionVersion\";i:0;s:11:\"downloadUrl\";s:0:\"\";s:10:\"productUrl\";s:28:\"https://aioseo.com/index-now\";s:12:\"learnMoreUrl\";s:28:\"https://aioseo.com/index-now\";s:9:\"manageUrl\";s:45:\"https://route#aioseo-settings:webmaster-tools\";s:8:\"features\";a:0:{}}i:6;a:15:{s:3:\"sku\";s:15:\"aioseo-rest-api\";s:4:\"name\";s:8:\"REST API\";s:7:\"version\";s:5:\"1.0.9\";s:5:\"image\";N;s:4:\"icon\";s:280:\"PHN2ZyB4bWxucz0iaHR0cDovL3d3dy53My5vcmcvMjAwMC9zdmciIHZpZXdCb3g9IjAgMCAyNCAyNCIgY2xhc3M9ImFpb3Nlby1jb2RlIj48cGF0aCBkPSJNOS40IDE2LjZMNC44IDEybDQuNi00LjZMOCA2bC02IDYgNiA2IDEuNC0xLjR6bTUuMiAwbDQuNi00LjYtNC42LTQuNkwxNiA2bDYgNi02IDYtMS40LTEuNHoiIGZpbGw9ImN1cnJlbnRDb2xvciIvPjwvc3ZnPg==\";s:6:\"levels\";a:3:{i:0;s:4:\"plus\";i:1;s:3:\"pro\";i:2;s:5:\"elite\";}s:13:\"currentLevels\";a:3:{i:0;s:4:\"plus\";i:1;s:3:\"pro\";i:2;s:5:\"elite\";}s:15:\"requiresUpgrade\";b:1;s:11:\"description\";s:137:\"<p>Manage your post and term SEO meta via the WordPress REST API. This addon also works seamlessly with headless WordPress installs.</p>\n\";s:18:\"descriptionVersion\";i:0;s:11:\"downloadUrl\";s:0:\"\";s:10:\"productUrl\";s:36:\"https://aioseo.com/feature/rest-api/\";s:12:\"learnMoreUrl\";s:36:\"https://aioseo.com/feature/rest-api/\";s:9:\"manageUrl\";s:0:\"\";s:8:\"features\";a:0:{}}i:7;a:15:{s:3:\"sku\";s:16:\"aioseo-image-seo\";s:4:\"name\";s:9:\"Image SEO\";s:7:\"version\";s:5:\"1.2.1\";s:5:\"image\";N;s:4:\"icon\";s:436:\"PHN2ZyB4bWxucz0iaHR0cDovL3d3dy53My5vcmcvMjAwMC9zdmciIHZpZXdCb3g9IjAgMCAyMCAyMCI+PHBhdGggZD0iTTE1LjgzMyA0LjE2N3YxMS42NjZINC4xNjdWNC4xNjdoMTEuNjY2Wm0wLTEuNjY3SDQuMTY3QzMuMjUgMi41IDIuNSAzLjI1IDIuNSA0LjE2N3YxMS42NjZjMCAuOTE3Ljc1IDEuNjY3IDEuNjY3IDEuNjY3aDExLjY2NmMuOTE3IDAgMS42NjctLjc1IDEuNjY3LTEuNjY3VjQuMTY3YzAtLjkxNy0uNzUtMS42NjctMS42NjctMS42NjdabS00LjA1IDcuMzgzLTIuNSAzLjIyNUw3LjUgMTAuOTUgNSAxNC4xNjdoMTBsLTMuMjE3LTQuMjg0WiIvPjwvc3ZnPg==\";s:6:\"levels\";a:5:{i:0;s:8:\"business\";i:1;s:6:\"agency\";i:2;s:4:\"plus\";i:3;s:3:\"pro\";i:4;s:5:\"elite\";}s:13:\"currentLevels\";a:3:{i:0;s:4:\"plus\";i:1;s:3:\"pro\";i:2;s:5:\"elite\";}s:15:\"requiresUpgrade\";b:1;s:11:\"description\";s:161:\"<p>Globally control the Title, Alt Text, Caption and Descriptions for images in your content. These attributes are essential for both accessibility and SEO.</p>\n\";s:18:\"descriptionVersion\";i:0;s:11:\"downloadUrl\";s:0:\"\";s:10:\"productUrl\";s:71:\"https://aioseo.com/docs/using-the-image-seo-features-in-all-in-one-seo/\";s:12:\"learnMoreUrl\";s:71:\"https://aioseo.com/docs/using-the-image-seo-features-in-all-in-one-seo/\";s:9:\"manageUrl\";s:44:\"https://route#aioseo-search-appearance:media\";s:8:\"features\";a:0:{}}i:8;a:15:{s:3:\"sku\";s:11:\"aioseo-eeat\";s:4:\"name\";s:20:\"Author SEO (E-E-A-T)\";s:7:\"version\";s:5:\"1.2.5\";s:5:\"image\";N;s:4:\"icon\";s:1380:\"PHN2ZyB4bWxucz0iaHR0cDovL3d3dy53My5vcmcvMjAwMC9zdmciIGhlaWdodD0iMjQiIHZpZXdCb3g9IjAgLTk2MCA5NjAgOTYwIiB3aWR0aD0iMjQiPjxwYXRoIGQ9Ik00NDAuMTE4LTU2MHEzMy44MzkgMCA1Ny44MTctMjQuMDk3dDIzLjk3OC01Ny45MzVxMC0zMy44MzgtMjMuOTc4LTU3LjY5Ni0yMy45NzgtMjMuODU5LTU3LjgxNy0yMy44NTktMzMuODM4IDAtNTcuOTM0IDIzLjg1OS0yNC4wOTcgMjMuODU4LTI0LjA5NyA1Ny42OTYgMCAzMy44MzggMjQuMDk3IDU3LjkzNVE0MDYuMjgtNTYwIDQ0MC4xMTgtNTYwWk00NDAtMzk2LjQxM3E0NS43MTcgMCA4NS41NzYtMTkuNDc4IDM5Ljg1OS0xOS40NzkgNjkuNTc2LTU2LjE1Mi0zNS45NTYtMjMuNzE4LTc0LjkzNS0zNS44MzdRNDgxLjIzOS01MjAgNDQwLTUyMHQtODAuMjE3IDEyLjEycS0zOC45NzkgMTIuMTE5LTc0LjkzNSAzNS44MzcgMjkuNzE3IDM2LjY3MyA2OS41NzYgNTYuMTUyIDM5Ljg1OSAxOS40NzggODUuNTc2IDE5LjQ3OFptMzg2LjM5MSAyODYuOTM1TDYzNy45MTMtMjk3Ljk1NnEtNDEuNzE3IDMxLjc2MS05MS42OTYgNDkuNDAyUTQ5Ni4yMzktMjMwLjkxMyA0NDAtMjMwLjkxM3EtMTM3LjU4NyAwLTIzMy4zMzctOTUuNzVUMTEwLjkxMy01NjBxMC0xMzcuNTg3IDk1Ljc1LTIzMy4zMzdUNDQwLTg4OS4wODdxMTM3LjU4NyAwIDIzMy4zMzcgOTUuNzVUNzY5LjA4Ny01NjBxMCA1NS43NjEtMTcuNzYxIDEwNS45NzgtMTcuNzYxIDUwLjIxOC00OS41MjEgOTIuMTc0TDg5MC4yODMtMTczLjM3bC02My44OTIgNjMuODkyWk00NDAuMTEzLTMyMS45MTNxOTkuMTU2IDAgMTY4LjU2NS02OS41MjIgNjkuNDA5LTY5LjUyMiA2OS40MDktMTY4LjY3OCAwLTk5LjE1Ni02OS40MDktMTY4LjU2NS02OS40MDktNjkuNDA5LTE2OC41NjUtNjkuNDA5LTk5LjE1NiAwLTE2OC42NzggNjkuNDA5LTY5LjUyMiA2OS40MDktNjkuNTIyIDE2OC41NjUgMCA5OS4xNTYgNjkuNTIyIDE2OC42NzggNjkuNTIyIDY5LjUyMiAxNjguNjc4IDY5LjUyMlpNNDQwLTU2MFoiLz48L3N2Zz4=\";s:6:\"levels\";a:3:{i:0;s:4:\"plus\";i:1;s:3:\"pro\";i:2;s:5:\"elite\";}s:13:\"currentLevels\";a:3:{i:0;s:4:\"plus\";i:1;s:3:\"pro\";i:2;s:5:\"elite\";}s:15:\"requiresUpgrade\";b:1;s:11:\"description\";s:147:\"<p>Optimize your site for Google\'s E-E-A-T ranking factor by proving your writer\'s expertise through author schema markup and new UI elements.</p>\n\";s:18:\"descriptionVersion\";i:0;s:11:\"downloadUrl\";s:0:\"\";s:10:\"productUrl\";s:33:\"https://aioseo.com/features/eeat/\";s:12:\"learnMoreUrl\";s:33:\"https://aioseo.com/features/eeat/\";s:9:\"manageUrl\";s:49:\"https://route#aioseo-search-appearance:author-seo\";s:8:\"features\";a:0:{}}}','2025-10-24 12:25:02','2025-09-30 15:35:41','2025-10-23 12:25:02'),
(6,'action_scheduler_log_cleanup','b:1;','2025-10-24 12:25:02','2025-09-30 15:36:09','2025-10-23 12:25:02'),
(92,'attachment_url_to_post_id_d99ed2ddbeefba28910cca4100f73b401b38bc49','s:4:\"none\";','2025-10-24 12:25:03','2025-10-21 09:34:02','2025-10-23 12:25:03');
commit;

--
-- Table structure for table `wpgtm_aioseo_crawl_cleanup_blocked_args`
--

CREATE TABLE `wpgtm_aioseo_crawl_cleanup_blocked_args` (
  `id` bigint(20) unsigned NOT NULL AUTO_INCREMENT,
  `key` text DEFAULT NULL,
  `value` text DEFAULT NULL,
  `key_value_hash` varchar(40) DEFAULT NULL,
  `regex` varchar(255) DEFAULT NULL,
  `hits` int(20) NOT NULL DEFAULT 0,
  `created` datetime NOT NULL,
  `updated` datetime NOT NULL,
  PRIMARY KEY (`id`),
  UNIQUE KEY `ndx_aioseo_crawl_cleanup_blocked_args_key_value_hash` (`key_value_hash`),
  UNIQUE KEY `ndx_aioseo_crawl_cleanup_blocked_args_regex` (`regex`)
) ENGINE=InnoDB DEFAULT CHARSET=utf8mb4 COLLATE=utf8mb4_unicode_520_ci;

--
-- Dumping data for table `wpgtm_aioseo_crawl_cleanup_blocked_args`
--

set autocommit=0;
commit;

--
-- Table structure for table `wpgtm_aioseo_crawl_cleanup_logs`
--

CREATE TABLE `wpgtm_aioseo_crawl_cleanup_logs` (
  `id` bigint(20) unsigned NOT NULL AUTO_INCREMENT,
  `slug` text NOT NULL,
  `key` text NOT NULL,
  `value` text DEFAULT NULL,
  `hash` varchar(40) NOT NULL,
  `hits` int(20) NOT NULL DEFAULT 1,
  `created` datetime NOT NULL,
  `updated` datetime NOT NULL,
  PRIMARY KEY (`id`),
  UNIQUE KEY `ndx_aioseo_crawl_cleanup_logs_hash` (`hash`)
) ENGINE=InnoDB DEFAULT CHARSET=utf8mb4 COLLATE=utf8mb4_unicode_520_ci;

--
-- Dumping data for table `wpgtm_aioseo_crawl_cleanup_logs`
--

set autocommit=0;
commit;

--
-- Table structure for table `wpgtm_aioseo_notifications`
--

CREATE TABLE `wpgtm_aioseo_notifications` (
  `id` bigint(20) unsigned NOT NULL AUTO_INCREMENT,
  `slug` varchar(13) NOT NULL,
  `addon` varchar(64) DEFAULT NULL,
  `title` text NOT NULL,
  `content` longtext NOT NULL,
  `type` varchar(64) NOT NULL,
  `level` text NOT NULL,
  `notification_id` bigint(20) unsigned DEFAULT NULL,
  `notification_name` varchar(255) DEFAULT NULL,
  `start` datetime DEFAULT NULL,
  `end` datetime DEFAULT NULL,
  `button1_label` varchar(255) DEFAULT NULL,
  `button1_action` varchar(255) DEFAULT NULL,
  `button2_label` varchar(255) DEFAULT NULL,
  `button2_action` varchar(255) DEFAULT NULL,
  `dismissed` tinyint(1) NOT NULL DEFAULT 0,
  `new` tinyint(1) NOT NULL DEFAULT 1,
  `created` datetime NOT NULL,
  `updated` datetime NOT NULL,
  PRIMARY KEY (`id`),
  UNIQUE KEY `ndx_aioseo_notifications_slug` (`slug`),
  KEY `ndx_aioseo_notifications_dates` (`start`,`end`),
  KEY `ndx_aioseo_notifications_type` (`type`),
  KEY `ndx_aioseo_notifications_dismissed` (`dismissed`)
) ENGINE=InnoDB AUTO_INCREMENT=68 DEFAULT CHARSET=utf8mb4 COLLATE=utf8mb4_unicode_ci;

--
-- Dumping data for table `wpgtm_aioseo_notifications`
--

set autocommit=0;
INSERT INTO `wpgtm_aioseo_notifications` VALUES
(1,'6267b7c23f3d9',NULL,'Search Engines Blocked','Warning: AIOSEO has detected that you are blocking access to search engines. You can change this in Settings > Reading if this was unintended.','error','[\"all\"]',NULL,'blog-visibility','2022-04-26 09:13:38',NULL,'Fix Now','https://server453221.nazwa.pl/gtmetrix/wordpress3/wp-admin/options-reading.php','Remind Me Later','http://action#notification/blog-visibility-reminder',1,0,'2022-04-26 09:13:38','2022-09-28 07:38:08'),
(2,'626922db0ac76',NULL,'📢 Introducing 2 New Features! — Dashboard Widgets And Shorter URLs 📢','We’ve added 2 new dashboard widgets. One to help you set up your website for better SEO and the other to show you an overview of how optimized your posts are.\r\n<br><br>\r\nAnother feature you’ll love is the Strip Category Base Prefix feature that enables you to create shorter URLs by removing the category base.\r\n<br><br>\r\nUpgrade to AIOSEO 4.2.0 Pro today and enjoy these powerful features on your website!!','success','[\"4-x\",\"lite\"]',308,NULL,'2022-05-31 21:15:05',NULL,'Learn More','https://aioseo.com/new-dashboard-widgets-and-strip-category-base-feature/?utm_source=WordPress&utm_campaign=dashboard-widgets-strip-category-base-v4-lite&utm_medium=plugin-notification&utm_content=Learn More','Get AIOSEO Pro','https://aioseo.com/lite-upgrade/?utm_source=WordPress&utm_campaign=dashboard-widgets-strip-category-base-v4-lite&utm_medium=plugin-notification&utm_content=Get AIOSEO Pro',1,0,'2022-04-27 11:02:51','2022-09-28 07:38:08'),
(3,'626922db0b6d3',NULL,'Microsoft Clarity Integration and a New REST API Addon 🎉🎉','Now you can see how your website visitors interact with your web pages with heatmaps and session recordings, thanks to Microsoft Clarity.\r\n<br><br>\r\nWe’ve also added a REST API addon to make SEO easier for your headless website.\r\n<br><br>\r\nUpdate to AIOSEO 4.1.9 today and enjoy these 2 powerful features on your website!','success','[\"4-x\",\"lite\"]',263,NULL,'2022-05-03 15:26:42',NULL,'Learn More','https://aioseo.com/introducing-the-new-microsoft-clarity-integration-and-rest-api-addon/?utm_source=WordPress&utm_campaign=microsoft-clarity-rest-api-v4-lite&utm_medium=plugin-notification&utm_content=Learn More','Get AIOSEO Pro','https://aioseo.com/lite-upgrade/?utm_source=WordPress&utm_campaign=microsoft-clarity-rest-api-v4-lite&utm_medium=plugin-notification&utm_content=Get AIOSEO Pro',1,0,'2022-04-27 11:02:51','2022-09-28 07:38:08'),
(4,'627162b65a138',NULL,'👉 Awesome Motive Just Hit 20 MILLION Websites Using our Software!','We\'ve got some exciting news to share!\r\n<br><br>\r\nAwesome Motive (our parent company) just hit the <strong>20 MILLION</strong> website milestone. 🤯\r\n<br><br>\r\nTo celebrate, we’re offering you up to 65% off our paid plans for <strong>only the next 2 days</strong>! 🎉\r\n','success','[\"4-x\",\"lite\"]',312,NULL,'2022-05-03 15:26:42','2022-05-06 00:00:00','Get AIOSEO Pro NOW!','https://aioseo.com/lite-upgrade/?utm_source=WordPress&utm_campaign=20-million-v4-lite&utm_medium=plugin-notification&utm_content=🚀 Get AIOSEO Pro NOW!',NULL,NULL,0,0,'2022-05-03 17:13:26','2022-05-03 17:13:26'),
(7,'629736e371e48',NULL,'📣 Introducing Crawl Cleanup and Import URLs to Your Sitemap!','AIOSEO 4.2.1 now allows you to manage Search Engine crawl quota by removing query args (URL parameters) from selected URLs and disabling unnecessary RSS feeds.\r\n<br><br>\r\nYou can also import bulk URLs from a CSV file to add more pages to your sitemap.\r\n<br><br>\r\nUpdate to AIOSEO 4.2.1 to take advantage of these powerful SEO features today!','success','[\"4-x\",\"lite\"]',327,NULL,'2022-06-23 12:45:59',NULL,'Learn More','https://aioseo.com/introducing-crawl-cleanup-and-importing-urls-from-a-csv-file-to-your-sitemap/?utm_source=WordPress&utm_campaign=crawl-cleanup-v4-lite&utm_medium=plugin-notification&utm_content=Learn More','Get AIOSEO Pro','https://aioseo.com/pricing/?utm_source=WordPress&utm_campaign=crawl-cleanup-v4-lite&utm_medium=plugin-notification&utm_content=Get%20AIOSEO%20Pro',1,0,'2022-06-01 09:52:35','2022-09-28 07:38:08'),
(8,'62b87dd75e326',NULL,'AIOSEO is Turning 15 YEARS OLD!! 🥳 🥳','<img src=\"data:image/png;base64,[encoded data, 16432 characters]\" />\r\n\r\nTo celebrate, we’re running a sale with as much as <strong>65% off our paid plans</strong>.\r\n<br><br>\r\nGrab it while the party lasts! (<strong>Hurry! This offer won\'t last long!</strong>) 🎉','success','[\"4-x\",\"lite\"]',346,NULL,'2022-06-23 12:45:59','2022-06-30 00:00:00','Get AIOSEO Pro NOW! (65% OFF)','https://aioseo.com/pricing-lite/?utm_source=WordPress&utm_campaign=15th-birthday-sale-v4-lite&utm_medium=plugin-notification&utm_content=Get AIOSEO Pro NOW! (65% OFF)',NULL,NULL,0,0,'2022-06-26 15:40:07','2022-06-26 15:40:07'),
(9,'62b87dd75f2eb',NULL,'AIOSEO 4.2.2 is HERE with some great new features! 🎉','Connect your WordPress user profile directly to your social media accounts for improved SEO.\r\n<br><br>\r\nOur new Translations API enables third-party translation apps to hook into AIOSEO’s data for multilingual SEO.\r\n<br><br>\r\nUpdate to AIOSEO 4.2.2 now and enjoy more SEO opportunities!','success','[\"4-x\",\"lite\"]',338,NULL,'2022-06-23 12:45:59',NULL,'Learn More','https://aioseo.com/announcing-our-new-user-social-profile-tab-and-translation-api-in-aioseo-4-2-2/?utm_source=WordPress&utm_campaign=social-profiles-translations-api-v4-lite&utm_medium=plugin-notification&utm_content=Learn More','Get AIOSEO Pro','https://aioseo.com/lite-upgrade/?utm_source=WordPress&utm_campaign=social-profiles-translations-api-v4-lite&utm_medium=plugin-notification&utm_content=Get AIOSEO Pro',1,0,'2022-06-26 15:40:07','2022-09-28 07:38:08'),
(10,'62e246fe69161',NULL,'LAST CHANCE: We\'re celebrating 100 million downloads of AIOSEO!!! ⌛','AIOSEO just hit <strong>100 MILLION DOWNLOADS</strong> and we\'ve been celebrating all week with as much as <strong>65% off our paid plans!</strong> 🥳\r\n<br><br>\r\nThe party’s almost over and you’re about to miss out on this amazing celebration deal.\r\n<br><br>\r\nMake sure to grab yours ASAP because it <strong>expires today!</strong> 🎉 🎉','success','[\"4-x\",\"lite\"]',456,NULL,'2022-07-28 00:00:00','2022-07-29 00:00:00','Get AIOSEO Pro NOW! (65% OFF)','https://aioseo.com/pricing-lite/?utm_source=WordPress&utm_campaign=100m-downloads-sale-last-chance-v4-lite&utm_medium=plugin-notification&utm_content=Get%20AIOSEO%20Pro%20NOW!%20(65%%20OFF)',NULL,NULL,0,0,'2022-07-28 08:21:18','2022-07-28 08:21:18'),
(11,'62e246fe69ece',NULL,'📣 AIOSEO 4.2.3: Introducing FAQ and Table of Contents blocks + URL Slug Monitor.','You can now add <strong>FAQ and Table of Contents blocks</strong> to increase your visibility on SERPs and improve user experience.\r\n<br><br>\r\nAnd our <strong>URL Slug Monitor</strong> is a powerful addition that checks for changes in your URLs and prompts you to add redirects which helps <strong>prevents 404 errors</strong> on your site.\r\n<br><br>\r\nUpdate to 4.2.3 today and check out these powerful new features!','success','[\"4-x\",\"lite\"]',414,NULL,'2022-08-16 12:14:02',NULL,'Learn More','https://aioseo.com/introducing-aioseo-4-2-3-faq-and-table-of-contents-blocks-all-new-url-slug-monitor/?utm_source=WordPress&utm_campaign=introducing-faq-toc-blocks-v4-lite&utm_medium=plugin-notification&utm_content=Learn More','Get AIOSEO Pro','https://aioseo.com/lite-upgrade/?utm_source=WordPress&utm_campaign=introducing-faq-toc-blocks-vv-lite&utm_medium=plugin-notification&utm_content=Get AIOSEO Pro',1,0,'2022-07-28 08:21:18','2022-09-28 07:38:08'),
(12,'630b317c96a8c',NULL,'AIOSEO just got more powerful with version 4.2.4! 🚀','Easily eliminate 404 errors with <strong>automatic redirects</strong> using our massively improved Redirection Manager. \r\n<br><br>\r\nThis update also includes some huge improvements to our Image SEO addon, making it much easier for your content to rank. 📸\r\n<br><br>\r\nUpdate to <strong>AIOSEO 4.2.4</strong> today and take advantage of these powerful new features!','success','[\"4-x\",\"lite\"]',463,NULL,'2022-09-22 20:05:34',NULL,'Learn More','https://aioseo.com/announcing-aioseo-4-2-4-improved-redirects-and-image-seo-updates/?utm_source=WordPress&utm_campaign=improved-redirects-image-seo-v4-lite&utm_medium=plugin-notification&utm_content=Learn More','Get AIOSEO Pro','https://aioseo.com/lite-upgrade/?utm_source=WordPress&utm_campaign=improved-redirects-image-seo-v4-lite&utm_medium=plugin-notification&utm_content=Get%20AIOSEO%20Pro',1,0,'2022-08-28 09:12:28','2022-09-30 11:21:29'),
(13,'6333f845e765f',NULL,'🍂 Our fall sale is on! 🍂','Get up to 70% off AIOSEO Pro to improve your SEO rankings.\r\n<br><br>\r\nThis will get you access to our Next-Gen Schema generator, powerful Link Assistant, and dozens of SEO features to grow your traffic.\r\n<br><br>\r\nUpgrade this week and save BIG!','success','[\"4-x\",\"lite\"]',503,NULL,'2022-09-22 20:05:34','2022-09-29 00:00:00','Get AIOSEO Pro NOW! (70% OFF)','https://aioseo.com/pricing-lite/?utm_source=WordPress&utm_campaign=2022-fall-sale-v4-lite&utm_medium=plugin-notification&utm_content=Get AIOSEO Pro NOW! (70% OFF)',NULL,NULL,1,0,'2022-09-28 07:31:17','2022-09-28 07:38:08'),
(14,'6333f845e8346',NULL,'The Next-Gen Schema Generator is here! 🎉','This is a huge leap forward in WordPress schema implementation, and you definitely want to add it to boost your website SEO! 🚀\r\n<br><br>\r\nWebsites with schema markups enjoy better SEO rankings, higher traffic, and more sales. AIOSEO 4.2.5 makes it possible without touching a single line of code.\r\n<br><br>\r\nUpdate to AIOSEO 4.2.5 <strong>TODAY</strong> and enjoy the power of our <strong>new Schema Generator!</strong>','success','[\"4-x\",\"lite\"]',492,NULL,'2022-09-13 00:00:00',NULL,'Learn More','https://aioseo.com/announcing-aioseo-4-2-5-next-gen-schema-generator-to-improve-your-seo-rankings/?utm_source=WordPress&utm_campaign=schema-generator-v4-lite&utm_medium=plugin-notification&utm_content=Learn More','Get AIOSEO Pro','https://aioseo.com/lite-upgrade/?utm_source=WordPress&utm_campaign=schema-generator-v4-lite&utm_medium=plugin-notification&utm_content=Get AIOSEO Pro',1,0,'2022-09-28 07:31:17','2022-11-03 08:36:06'),
(15,'635adffb2e930',NULL,'The much-awaited SEO emoji picker is here! 🎉','Now you can add emojis to SEO fields to get <strong>higher CTRs and engagement on SEO and social media platforms</strong>. 😳\r\n<br><br>\r\nPlus, we’ve also greatly improved our multisite SEO module, making it easy to <strong>manage WordPress multisite SEO from a single dashboard</strong>. ✅\r\n<br><br>\r\nWith AIOSEO 4.2.6, you’ve got more tools to help you rank your content, and that <strong>without touching a single line of code</strong>. 🧑🏽‍💻\r\n<br><br>\r\n<strong>Update to AIOSEO 4.2.6 TODAY</strong> and enjoy the power of our new SEO emoji picker and improved multisite SEO module! 🚀','success','[\"4-x\",\"lite\"]',512,NULL,'2022-11-24 19:50:33',NULL,'Learn More','https://aioseo.com/announcing-aioseo-4-2-6-new-seo-emoji-picker-multisite-seo-improvements/?utm_source=WordPress&utm_campaign=emoji-picker-v4-lite&utm_medium=plugin-notification&utm_content=Learn More','🚀 Get AIOSEO Pro NOW!','https://aioseo.com/lite-upgrade/?utm_source=WordPress&utm_campaign=emoji-picker-v4-lite&utm_medium=plugin-notification&utm_content=🚀 Get AIOSEO Pro NOW!',0,0,'2022-10-27 19:46:03','2022-11-28 18:51:51'),
(16,'636ee3f060814',NULL,'Announcing AIOSEO 4.2.7: Google Merchant Center Schema to help you Boost Visibility and Sales! 🛒💰','Do you sell products on your website? We’ve got great news for you!\r\n<br><br>\r\nEnjoy greater visibility and higher CTRs for your products on search engines with our new <strong>Google Merchant Center</strong> Listing schema support. \r\n<br><br>\r\nSo, go ahead and upgrade to <strong>AIOSEO Pro 4.2.7 TODAY</strong> and get more tools to help you rank your content and products!','success','[\"4-x\",\"lite\"]',526,NULL,'2022-12-06 20:35:55',NULL,'Learn More','https://aioseo.com/announcing-aioseo-4-2-7-drive-more-sales-with-google-merchant-center-listing-schema/?utm_source=WordPress&utm_campaign=google-merchant-center-schema-v4-lite&utm_medium=plugin-notification&utm_content=Learn More','Get AIOSEO Pro','https://aioseo.com/lite-upgrade/?utm_source=WordPress&utm_campaign=google-merchant-center-schema-v4-lite&utm_medium=plugin-notification&utm_content=Get AIOSEO Pro',0,0,'2022-11-12 00:08:16','2023-01-25 16:34:49'),
(17,'63b46b853bbd4',NULL,'AIOSEO 4.2.8: More Control Over Search and Social Snippets with SEO Preview 🔎','Get greater control over how your search and social media snippets appear with our <strong>new SEO Preview tool</strong>.\r\n<br><br>\r\nPlus, check how well you’ve set up your page’s SEO by getting an overview of your meta tags and basic SEO.\r\n<br><br>\r\nSo, <strong>update to AIOSEO 4.2.8 TODAY</strong> and boost your rankings and drive more engagement on SERPs and social media!','success','[\"4-x\",\"lite\"]',560,NULL,'2023-02-24 16:13:04',NULL,'Learn More','https://aioseo.com/new-seo-preview-more-control-over-search-and-social-snippets/?utm_source=WordPress&utm_campaign=seo-preview-v4-lite&utm_medium=plugin-notification&utm_content=Learn More','Get AIOSEO Pro','https://aioseo.com/lite-upgrade/?utm_source=WordPress&utm_campaign=seo-preview-v4-lite&utm_medium=plugin-notification&utm_content=Get AIOSEO Pro',0,0,'2023-01-03 17:53:09','2023-02-27 11:06:46'),
(18,'63e6f1c246d76',NULL,'Introducing SEO Stats for WordPress - Track Your Keyword Rankings and See Important SEO Metrics with 1-click 🔎 🚀','Want to see exactly how your content ranks in search results inside of WordPress? You can do just that with our brand new <strong>Google Search Console integration</strong>!\r\n<br><br>\r\nTrack important keywords and get in-plugin tips to help you grow your traffic. <strong>Plus: Try out the new speed test tool!</strong> 🚀\r\n<br><br>\r\n<strong>Upgrade to AIOSEO 4.3.0 (Elite) TODAY to ignite your SEO and outrank competitors!</strong>\r\n<br><br>\r\n<img src=\"data:image/png;base64,[encoded data, 10456 characters]\" />','success','[\"4-x\",\"lite\"]',570,NULL,'2023-06-27 12:55:16',NULL,'Learn More','https://aioseo.com/google-search-console-integration/?utm_source=WordPress&utm_campaign=google-search-console-integration-v4-lite&utm_medium=plugin-notification&utm_content=Learn%20More','Get AIOSEO Pro 🚀','https://aioseo.com/lite-upgrade/?utm_source=WordPress&utm_campaign=google-search-console-integration-v4-lite&utm_medium=plugin-notification&utm_content=Get%20AIOSEO%20Pro',0,0,'2023-02-11 01:39:14','2023-06-28 10:47:28'),
(19,'63fc8ec6dbe38',NULL,'❄️ Save up to 70% OFF Link Assistant, Search Statistics and MORE During our Winter Sale! ❄️','We’re kicking off our winter sale and you don’t want to miss the hot deals we have. 🔥\r\n<br><br>\r\nIf you act within the next 7 days, you can get AIOSEO <strong>for as much as 70% off</strong> with access to our <strong>Redirection Manager, Link Assistant, Search Statistics and MORE</strong>!\r\n<br><br>\r\nWith all the powerful features we’ll be adding to the plugin this year, getting the plugin at these discounted prices is a steal. <strong>Seriously</strong>.\r\n<br><br>\r\n⚡ So, claim your discount now before it expires! ⚡','success','[\"4-x\",\"lite\"]',603,NULL,'2023-02-24 16:13:04','2023-03-02 00:00:00','Get AIOSEO Pro Today! (up to 70% OFF)','https://aioseo.com/pricing-lite/?utm_source=WordPress&utm_campaign=proplugin&utm_medium=Plugin%20Notification&utm_content=winter-sale-2023-get-aioseo-pro-today',NULL,NULL,0,0,'2023-02-27 11:06:46','2023-02-27 11:06:46'),
(20,'64145161d5681',NULL,'🍀[FLASH SALE]! Get Up To 70% Off AIOSEO For St. Patrick\'s Day! 🍀','Our St. Patrick\'s Day flash sale is here, and it\'s your chance to get <strong>AIOSEO Pro at a HUGE discount</strong>! This sale is almost as good as a pot of gold!\r\n<br><br>\r\nDon\'t rely only on the luck of the Irish! ☘️ Supercharge your website\'s SEO, making it easier for your customers to find you online. With our limited-time offer, you can get the whole AIOSEO experience at up to 70% off!\r\n<br><br>\r\nWhether you\'re a small business owner, blogger, or marketer, this is an opportunity you won\'t want to miss. Hurry and grab your discount now before the sale ends!','success','[\"4-x\",\"lite\"]',636,NULL,'2023-03-17 02:11:24','2023-03-19 00:00:00','Get AIOSEO Pro Today!','https://aioseo.com/pricing/?utm_source=WordPress&utm_campaign=v4-lite&utm_medium=Plugin%20Notification&utm_content=st-patricks-2023-get-aioseo-pro-today',NULL,NULL,0,0,'2023-03-17 11:39:13','2023-03-17 11:39:13'),
(21,'644948098c147',NULL,'[Last Chance!] 🌼 Save up to 70% on AIOSEO during our spring sale! 🚀','Did you know today\'s the last day to <strong>upgrade</strong> and <strong>save big</strong> on the world\'s best SEO plugin?\r\n<br><br>\r\n⚡ Power up your traffic & sales with our futuristic <strong>AI tools</strong> and <strong>Google Search Console integration</strong>. \r\n<br><br>\r\nDon’t miss out on these amazing deals. 🔥\r\n<br><br>\r\nBe sure to claim your discount before it\'s gone!','success','[\"4-x\",\"lite\"]',661,NULL,'2023-04-27 00:00:00','2023-04-28 00:00:00','Get AIOSEO Pro Today!','https://aioseo.com/pricing-lite/?utm_source=WordPress&utm_campaign=v4-lite&utm_medium=Plugin%20Notification&utm_content=spring-sale-last-chance-2023-get-aioseo-pro-today',NULL,NULL,0,0,'2023-04-26 15:49:29','2023-04-26 16:01:56'),
(22,'644948098c9b5',NULL,'[Spring Sale] 🌼 Get up to 70% off AIOSEO! 🤩','We just launched our huge spring sale. Now you can get <strong><em>all</em></strong> the SEO features you want to amplify your traffic and sales. \r\n<ul style=\"list-style: inside;\">\r\n	<li>Supercharge your <strong>keyword rankings</strong> with our <strong>Google Search Console integration</strong>.</li>\r\n	<li>Save time with our premier <strong>AI tools</strong>, like our <strong>ChatGPT integration</strong>.</li>\r\n</ul>\r\nFor only 7 days you can get <strong>deep discounts</strong> on the world\'s best SEO plugin.\r\n<br><br>\r\n⚡So grab your deal while it lasts! ⚡','success','[\"4-x\",\"lite\"]',651,NULL,'2023-04-21 16:17:02','2023-04-27 00:00:00','Get AIOSEO Pro Today!','https://aioseo.com/pricing-lite/?utm_source=WordPress&utm_campaign=v4-lite&utm_medium=Plugin%20Notification&utm_content=spring-sale-2023-get-aioseo-pro-today',NULL,NULL,0,0,'2023-04-26 15:49:29','2023-04-26 16:01:56'),
(23,'645a05d49e65a',NULL,'🗣️ [AIOSEO 4.3.6] Announcing Content Rankings: SEO Performance Tracking Made Easy','Get valuable insights about how your content is performing on search engines using our <strong>NEW Content Rankings report</strong>.\r\n<br><br>\r\nThis includes SEO data to help you <strong>optimize your articles for better rankings</strong>. Plus, you can also easily spot <strong>content decay</strong>, making it easier to combat it.\r\n<br><br>\r\nSo, <strong>upgrade to AIOSEO Pro TODAY</strong> and boost your rankings and drive more traffic to your content!','success','[\"4-x\",\"lite\"]',677,NULL,'2023-06-27 12:55:16',NULL,'Learn More','https://aioseo.com/announcing-content-rankings-seo-performance-tracking-made-easy/?utm_source=WordPress&utm_campaign=content-rankings-v4-lite&utm_medium=plugin-notification&utm_content=Learn%20More','Get AIOSEO Pro','https://aioseo.com/lite-upgrade/?utm_source=WordPress&utm_campaign=content-rankings-v4-lite&utm_medium=plugin-notification&utm_content=Get%20AIOSEO%20Pro',0,0,'2023-05-09 08:35:32','2023-06-28 10:47:28'),
(24,'6475919fd25c0',NULL,'[Last Chance!] 🇺🇸 Save up to 70% on AIOSEO during our flash sale! 🧨','Did you know today\'s the <span style=\"text-decoration:underline;\">last day</span> to <strong>upgrade</strong> & <strong>save big</strong> on the world\'s best SEO plugin?\r\n<br><br>\r\n⚡ Power up your traffic & sales with our futuristic <strong>AI tools</strong> & <strong>Google Search Console integration</strong>. ⚡\r\n<br><br>\r\nDon’t miss out on these sizzling deals. 💥\r\n<br><br>\r\nClaim your discount before it\'s gone!','success','[\"4-x\",\"lite\"]',721,NULL,'2023-05-30 00:00:00','2023-05-31 00:00:00','Get AIOSEO Pro Today!','https://aioseo.com/pricing-lite/?utm_source=WordPress&utm_campaign=v4-lite&utm_medium=Plugin%20Notification&utm_content=memorial-day-sale-last-chance-2023-get-aioseo-pro-today',NULL,NULL,0,0,'2023-05-30 06:03:11','2023-05-30 07:49:36'),
(25,'6475919fd2ecf',NULL,'[Memorial Day Sale] 🇺🇸 Get up to 70% off AIOSEO! 💥','We just launched our Memorial Day sale! Snag <strong style=\"text-decoration: underline;\"><em>all</em></strong> the SEO features you want to surge traffic and sales. \r\n<ul style=\"list-style: inside;\">\r\n	<li>Save time with our AI <strong>ChatGPT integration</strong>.</li>\r\n	<li>Boost <strong>rankings</strong> with our <strong>Google Search Console integration</strong>.</li>\r\n</ul>\r\nFor only <strong style=\"text-decoration: underline;\">1 day</strong> you can get <strong>giant discounts</strong> on the world\'s best SEO plugin.\r\n<br /><br />\r\n⚡So grab your deal while it lasts! ⚡','success','[\"4-x\",\"lite\"]',708,NULL,'2023-05-29 13:43:06',NULL,'Get AIOSEO Pro Today!','https://aioseo.com/pricing-lite/?utm_source=WordPress&utm_campaign=v4-lite&utm_medium=Plugin%20Notification&utm_content=memorial-day-sale-2023-get-aioseo-pro-today',NULL,NULL,0,0,'2023-05-30 06:03:11','2023-05-30 07:49:36'),
(26,'64995aeb9fc56',NULL,'[NEW] Set a Primary Category to Customize Breadcrumbs (+ WPCode Integration) 🚀','<strong>The wait is FINALLY over!</strong> One of our most requested feature is live in AIOSEO 4.3.8! 🎉 🎉\r\n<br><br>\r\nWith the brand-new <strong>Primary Category</strong> feature, you now have <strong>full control over which category displays in your breadcrumb trail</strong>.\r\n<br><br>\r\nPlus: customize your AIOSEO experience with <strong>clickable code snippets</strong> courtesy of WPCode!\r\n<br><br>\r\nUpgrade to <strong>AIOSEO 4.3.8 Pro TODAY</strong> to ignite your SEO and outrank competitors!','success','[\"4-x\",\"lite\"]',751,NULL,'2023-07-03 17:47:37',NULL,'Learn More','https://aioseo.com/announcing-primary-category-and-wpcode-integration/?utm_source=WordPress&utm_campaign=primary-category-v4-lite&utm_medium=plugin-notification&utm_content=Learn%20More','Get AIOSEO Pro','https://aioseo.com/lite-upgrade/?utm_source=WordPress&utm_campaign=primary-category-v4-lite&utm_medium=plugin-notification&utm_content=Get%20AIOSEO%20Pro',0,0,'2023-06-26 09:31:23','2023-07-14 08:12:06'),
(27,'649c0e9ec1147',NULL,'It\'s a Sweet Sixteen Kinda Day! 🥳 🥳','<img src=\"data:image/png;base64,[encoded data, 10192 characters]\" />\r\n\r\nWe just had our 16th birthday, and to celebrate, we’re offering you massive discounts on all paid plans. Save <strong>up to 70%</strong> when you purchase a new plan or upgrade TODAY!\r\n<br><br>\r\nPlus, we have a <strong>sweet giveaway</strong> with 3 prizes including a <strong>Pixel 7 Pro, Pixel Tablet and Pixel Buds Pro</strong>!\r\n<br><br>\r\nHurry, this deal won\'t last long, check it out TODAY!','success','[\"4-x\",\"lite\"]',766,NULL,'2023-06-27 12:55:16','2023-06-30 00:00:00','Get AIOSEO Pro NOW! (70% OFF)','https://aioseo.com/happy-birthday-aioseo/?utm_source=WordPress&utm_campaign=16th-birthday-sale-v4-lite&utm_medium=plugin-notification&utm_content=Get AIOSEO Pro NOW! (70% OFF)','Enter Pixel Giveaway!','https://aioseo.com/happy-birthday-aioseo/?utm_source=WordPress&utm_campaign=16th-birthday-sale-v4-lite&utm_medium=plugin-notification&utm_content=Enter Pixel Giveaway!',0,0,'2023-06-28 10:42:38','2023-06-28 10:47:28'),
(28,'64a4150a2c62d',NULL,'🔥 [New] Advanced SEO Tracking with SEO Revisions & Google Updates Integration','Track the changes you make to your content and see how it <strong>connects to changes in your search rankings</strong>.\r\n<br><br>\r\nPlus, see <strong>Google Updates on a timeline in Search Statistics</strong>, so you know how they impact your SEO.\r\n<br><br>\r\nWe’ve also added many more new features to version 4.4.0 of AIOSEO. <strong>Upgrade today!</strong>','success','[\"4-x\",\"lite\"]',801,NULL,'2023-09-19 21:26:06',NULL,'Learn More','https://aioseo.com/announcing-seo-revisions-and-google-updates-integration/?utm_source=WordPress&utm_campaign=seo-revisions-v4-lite&utm_medium=plugin-notification&utm_content=Learn%20More','Get AIOSEO Pro','https://aioseo.com/lite-upgrade/?utm_source=WordPress&utm_campaign=seo-revisions-v4-lite&utm_medium=plugin-notification&utm_content=Get%20AIOSEO%20Pro',0,0,'2023-07-04 12:48:10','2023-10-06 13:22:11'),
(29,'64c5a5048fa39',NULL,'🌴🌞 Embrace the summer vibes with our scorching HOT Summer Sale! 🌞🌴','<img src=\"data:image/png;base64,[encoded data, 8064 characters]\" />\r\n\r\nIt\'s time to turn up the heat and celebrate the season in style. Whether you\'re a long-time user or a brand-new one, we\'ve got something special for you!\r\n<br><br>\r\nIn honor of summer, we\'re offering you sensational discounts on all paid plans. Save up to a refreshing 70% when you snag a new plan or upgrade TODAY!\r\n<br><br>\r\nBut don\'t lounge around too long under the sun – this irresistible offer won\'t last forever! So, hurry and dive into our Summer Sale before it\'s gone. Your special deal awaits!\r\n','success','[\"4-x\",\"lite\"]',827,NULL,'2023-07-28 18:10:46','2023-08-04 00:00:00','Get AIOSEO Pro NOW! (70% OFF)','https://aioseo.com/pricing-lite/?utm_source=WordPress&utm_campaign=summer-sale-v4-lite&utm_medium=plugin-notification&utm_content=Upgrade Your AIOSEO Plan NOW! (70% OFF)',NULL,NULL,0,0,'2023-07-29 23:47:16','2023-07-29 23:47:16'),
(30,'64c5a504902c0',NULL,'NEW: Announcing the AIOSEO Analyzer Chrome extension!  🚀','Speed up content reviews and technical SEO checks. This new free tool is designed for you!\r\n<br><br>\r\nAIOSEO Analyzer gives you a big-picture view of your SEO, bringing problem areas into sharp focus. It works on both unpublished <em>and</em> published pages.\r\n<br><br>\r\nAnd it’s <strong>100% free!</strong> Download it today from the Chrome Web Store. And take it for a test drive!','success','[\"4-x\"]',809,NULL,'2023-11-25 04:17:13',NULL,'Learn More','https://aioseo.com/announcing-all-in-one-analyzer-by-aioseo/?utm_source=WordPress&utm_campaign=chrome-extension-v4&utm_medium=plugin-notification&utm_content=Learn%20More','Download','https://aioseo.com/announcing-all-in-one-analyzer-by-aioseo/?utm_source=WordPress&utm_campaign=chrome-extension-v4&utm_medium=plugin-notification&utm_content=Download',0,0,'2023-07-29 23:47:16','2023-11-30 01:45:12'),
(31,'64edf5bc656c3',NULL,'[New] Improved Crawling and Indexing with AIOSEO 4.4.4 🚀','Improve your site’s crawlability and indexability with our improved robots.txt editor. With new directives and advanced functionality, ranking your site on search engines just became easier.\r\n<br><br>\r\nWe’ve also added many more new features to version 4.4.4 of AIOSEO. Check out our announcement for more information.\r\n<br><br>\r\nUpgrade to AIOSEO 4.4.4 today!','success','[\"4-x\",\"lite\"]',832,NULL,'2023-11-25 04:17:13',NULL,'Learn More','https://aioseo.com/greater-robots-txt-file-customization-for-improved-crawlability/?utm_source=WordPress&utm_campaign=robots-editor-v4-lite&utm_medium=plugin-notification&utm_content=Learn%20More','Upgrade to Pro','https://aioseo.com/lite-upgrade/?utm_source=WordPress&utm_campaign=robots-editor-v4-lite&utm_medium=plugin-notification&utm_content=Upgrade%20to%20Pro',0,0,'2023-08-29 13:42:20','2023-11-30 01:45:12'),
(32,'65176c6e4e402',NULL,'[New] TruSEO Highlighter: Instantly locate readability issues! 😮','On-page SEO just got easier with our new TruSEO Highlighter! 😮 Turn on the highlighter to instantly find readability issues on a page. 🥳\r\n<br><br>\r\nThis is our most requested feature! With TruSEO highlighter, you’ll instantly find readability issues flagged by AIOSEO.\r\n<br><br>\r\nUpdate to <strong>AIOSEO 4.4.6 TODAY</strong> to simplify SEO & get traction.','success','[\"4-x\",\"lite\"]',848,NULL,'2023-11-25 04:17:13',NULL,'Learn More','https://aioseo.com/announcing-truseo-highlighter/?utm_source=WordPress&utm_campaign=truseo-highlighter-v4-lite&utm_medium=plugin-notification&utm_content=Learn%20More','Upgrade to Pro','https://aioseo.com/lite-upgrade/?utm_source=WordPress&utm_campaign=truseo-highlighter-v4-lite&utm_medium=plugin-notification&utm_content=Upgrade%20to%20Pro',0,0,'2023-09-30 00:31:42','2023-11-30 01:45:12'),
(33,'65406798181bb',NULL,'Elevate Your SEO Strategy: Meet Cornerstone Content in AIOSEO 4.4.8! 🚀🔥','Introducing Cornerstone Content – your secret weapon to boost search rankings and dominate your niche. 🏆\r\n<br><br>\r\nBuild <em>authority & expertise</em>, improve <em>crawling and indexing</em>, supercharge your <em>semantic SEO</em>, and more with this game-changing addition in <strong>AIOSEO 4.4.8</strong>.\r\n<br><br>\r\n👇🏻👇🏻 Upgrade today or click to Learn more!\r\n','success','[\"4-x\",\"lite\"]',860,NULL,'2023-11-25 04:17:13',NULL,'Learn More','https://aioseo.com/new-supercharge-your-seo-and-content-strategy-with-cornerstone-content/?utm_source=WordPress&utm_campaign=cornerstone-content-v4-lite&utm_medium=plugin-notification&utm_content=Learn%20More','Upgrade to Pro','https://aioseo.com/lite-upgrade/?utm_source=WordPress&utm_campaign=cornerstone-content-v4-lite&utm_medium=plugin-notification&utm_content=Upgrade%20to%20Pro',0,0,'2023-10-31 02:34:00','2023-11-30 01:45:12'),
(34,'65535f481172c',NULL,'Black Friday’s Here 🛍: HUGE Sale [Up To 70% Off] + Giveaway!','<img src=\"data:image/png;base64,[encoded data, 27436 characters]\" />\r\n<br><br>\r\nOur biggest sale of the year is now live! <strong>Get up to 70% off AIOSEO</strong>, the world’s best WordPress SEO plugin. You’ll unlock <em>tons of new features</em> like <strong>Cornerstone Content</strong>, <strong>Search Statistics</strong>, an <strong>advanced robots.txt editor</strong> and more! \r\n<br><br>\r\nPLUS enter our giveaway to WIN an <strong>iPhone 15 Pro Max</strong> 📱and <strong>Apple Watch Ultra 2</strong> ⌚. No purchase is necessary to enter!','success','[\"4-x\",\"lite\"]',894,NULL,'2023-11-20 00:00:00','2023-11-27 00:00:00','Enter Giveaway','https://aioseo.com/black-friday/?utm_source=WordPress&utm_campaign=liteplugin&utm_medium=Plugin Notification&utm_content=bf2023-enter-giveaway-v4-lite','Claim Your Upgrade Discount','https://aioseo.com/black-friday/?utm_source=WordPress&utm_campaign=liteplugin&utm_medium=Plugin Notification&utm_content=bf2023-claim-your-upgrade-discount-v4-lite',0,0,'2023-11-14 11:51:36','2023-11-14 11:51:36'),
(35,'65535f48123bd',NULL,'Cyber Monday Sale 👨‍💻 Last Chance to Get Up to 70% Off AIOSEO!','<img src=\"data:image/png;base64,[encoded data, 18940 characters]\" />\r\n<br><br>\r\nIt’s Cyber Monday 🥳. It’s also your final chance to get <strong>up to 70% off AIOSEO</strong>!\r\n<br><br>\r\nAs soon as you upgrade, you’ll unlock our next-gen <strong>Schema Generator</strong>, <strong>Local Business SEO tools</strong>, powerful <strong>Redirection Manager</strong>, <strong>Link Assistant</strong>, and more.\r\n<br><br>\r\nDon’t miss our biggest sale of the year!','success','[\"4-x\",\"lite\"]',905,NULL,'2023-11-27 00:00:00','2023-12-02 00:00:00','Claim Your Upgrade Deal Now','https://aioseo.com/black-friday/?utm_source=WordPress&utm_campaign=liteplugin&utm_medium=Plugin Notification&utm_content=bf2023-claim-your-upgrade-deal-now-v4-lite',NULL,NULL,0,0,'2023-11-14 11:51:36','2023-11-30 01:45:12'),
(36,'6567e7dee4bc6',NULL,'[New] See the Index Status of Your URLs Inside WordPress with AIOSEO 4.5.0 🕵🏻','<img src=\"data:image/png;base64,[encoded data, 11596 characters]\" />\r\n\r\nEver wanted an easy way to know if your URLs have been indexed? Now you can with AIOSEO’s new <strong>Index Status feature</strong> in version 4.5.0.\r\n<br><br>\r\nYou can check your URL’s index status and other important URL information from <strong>right inside your WordPress dashboard</strong>.\r\n<br><br>\r\nUpdate now and get this game-changing addition in AIOSEO 4.5.0!','success','[\"4-x\",\"lite\"]',958,NULL,'2023-11-25 04:17:13',NULL,'Learn More','https://aioseo.com/new-index-status-enhance-your-seo-visibility-by-ensuring-all-your-urls-are-indexed/?utm_source=WordPress&utm_campaign=index-status-v4-lite&utm_medium=plugin-notification&utm_content=Get%20AIOSEO%20Pro','Get AIOSEO Pro','https://aioseo.com/lite-upgrade/?utm_source=WordPress&utm_campaign=index-status-v4-lite&utm_medium=plugin-notification&utm_content=Get%20AIOSEO%20Pro',0,0,'2023-11-30 01:39:42','2023-11-30 01:45:12'),
(37,'6590c00d5081b',NULL,'Introducing Support For Additional Page Builders: WPBakery and Avada 🎉','<img src=\"data:image/webp;base64,[encoded data, 15536 characters]\" alt=\"\" class=\"wp-image-1019\" style=\"object-fit:cover\"/>\n\n<p>If your website is built using WPBakery or Avada, then you’ll be happy to know that <strong>AIOSEO 4.5.2</strong> was developed with love just for you! ❤️</p>\n\n<p>Now, you can use AIOSEO right inside your favorite website builder, making it easy to perform SEO tasks as you work on your posts or pages.</p>\n\n<p>Update AIOSEO to 4.5.2 and give your page builder that much-needed SEO superpower. 🦸🏼‍♀️</p>','success','[\"4-x\",\"lite\"]',1010,NULL,'2023-12-13 14:43:22',NULL,'Learn More','https://aioseo.com/introducing-aioseo-support-for-additional-pagebuilders-wpbakery-and-avada/?utm_source=WordPress&utm_medium=plugin-notification&utm_campaign=aioseo-plugin-notification','Get AIOSEO Pro','https://aioseo.com/lite-upgrade/?utm_source=WordPress&utm_medium=plugin-notification&utm_campaign=aioseo-plugin-notification',0,0,'2023-12-31 01:12:45','2024-09-10 15:14:03'),
(38,'65a70725e326b',NULL,'[New] Boost Your Rankings with Our Author SEO (Google E-E-A-T) Addon ✍️','<p>We’re excited to announce our latest SEO module in AIOSEO 4.5.4 — the Author SEO addon 🥳.</p>\n\n<p>This is a simple yet powerful module that enables you to demonstrate your expertise, experience, authority, and trustworthiness <strong>(E-E-A-T)</strong> to search engines and users.</p>\n\n<p>As a result, you’ll get <strong><em>better rankings</em></strong>, <strong><em>increase your traffic</em></strong>, and <strong><em>boost your conversions</em></strong>.</p>\n\n<p>So, go ahead and <strong><em>update to 4.5.4</em></strong> and give your site that much-needed boost.</p>','success','[\"4-x\",\"lite\"]',1030,NULL,'2024-01-16 19:39:13',NULL,'Learn More','https://aioseo.com/introducing-author-seo-google-e-e-a-t-addon/?utm_source=WordPress&utm_medium=plugin-notification&utm_campaign=author-seo-eeat-v4-x-lite','Get AIOSEO Pro','https://aioseo.com/lite-upgrade/?utm_source=WordPress&utm_medium=plugin-notification&utm_campaign=author-seo-eeat-v4-x-lite',0,0,'2024-01-16 22:45:57','2024-09-10 15:14:03'),
(41,'65b81efb29afb',NULL,'Winter Sale 2024 ❄️ Get Up to 70% Off AIOSEO!!!','<img src=\"data:image/webp;base64,[encoded data, 19092 characters]\" alt=\"\" class=\"wp-image-1039\"/>\n\n<p>Our Winter Sale is On 🥳. This is your chance to boost your SEO and save up to 70% on AIOSEO!&nbsp;</p>\n\n<p>Whether it’s a new purchase or an upgrade, you’ll unlock 🔓 <strong>POWERFUL FEATURES</strong> that will help you take your SEO game to the next level.</p>\n\n<p>Start the year off with a bang and save big!</p>','success','[\"4-x\",\"lite\"]',1035,NULL,'2024-01-26 18:20:28','2024-02-02 00:00:00','Get AIOSEO Pro','https://aioseo.com/lite-upgrade/?utm_source=WordPress&utm_medium=plugin-notification&utm_campaign=winter-sale-v4-x-lite',NULL,NULL,0,0,'2024-01-29 21:56:11','2024-02-01 13:23:15'),
(42,'65ccd7be5d7c3',NULL,'[NEW] Updated SEO Preview, Redirection Manager, Author SEO, and More','<p>AIOSEO 4.5.6 is live, implementing many of your suggestions! 🥳</p>\n\n<p>🔎 Improved SEO Preview - To better match Google SERPs.<br>📆 Redirect Scheduler - Schedule seasonal redirects easily.<br>📂 Import Redirects from a CSV File - Add redirects in bulk.<br>🖋️ Improved Author SEO - Improvements to the E-E-A-T addon.</p>\n\n<p>AIOSEO 4.5.6 comes packed with many other improvements to the modules you already love.&nbsp;</p>\n\n<p>Update your plugin to version 4.5.6 NOW!</p>','success','[\"4-x\",\"lite\"]',1042,NULL,'2024-02-12 22:15:51',NULL,'Learn More','https://aioseo.com/new-updated-seo-preview-redirection-manager-author-seo/?utm_source=WordPress&utm_medium=plugin-notification&utm_campaign=aioseo-456-v4-x-lite','Get AIOSEO Pro','https://aioseo.com/lite-upgrade/?utm_source=WordPress&utm_medium=plugin-notification&utm_campaign=aioseo-456-v4-x-lite',0,0,'2024-02-14 15:09:50','2024-09-10 15:14:03'),
(43,'65ccd7be5e3ca',NULL,'Be Our Valentine and Get Up To 70% Off! 💝','<img src=\"data:image/webp;base64,[encoded data, 6644 characters]\" alt=\"\" class=\"wp-image-1053\"/>\n\n<p>It’s Valentine’s Day, and love is in the air! ❤️</p>\n\n<p>Get up to <strong><em>70% off</em></strong> when you upgrade your plan TODAY ONLY!</p>\n\n<p>So, take advantage of our Valentine’s Day sale and get more power under your site’s hood TODAY!</p>','success','[\"4-x\",\"lite\"]',1049,NULL,'2024-02-14 00:00:00','2024-02-16 00:00:00','Get AIOSEO Pro','https://aioseo.com/lite-upgrade/?utm_source=WordPress&utm_medium=plugin-notification&utm_campaign=valentines-2024-v4-x-lite',NULL,NULL,0,0,'2024-02-14 15:09:50','2024-02-14 15:09:50'),
(44,'66067f609e351',NULL,'📣 [New] Query Arg Monitoring for Improved Crawling and Indexing','<p>We’ve revamped the Crawl Cleanup module and added a <strong><em>NEW</em></strong> <strong>Query Arg Monitor</strong>. This game-changing feature gives you greater control of your query args, resulting in more efficient crawling and indexing.</p>\n\n<p>AIOSEO 4.5.8 comes packed with many other improvements to the modules you already love.&nbsp;</p>\n\n<p>Update your plugin to version 4.5.8 NOW!</p>','success','[\"4-x\",\"lite\"]',1058,NULL,'2024-03-19 19:37:40',NULL,'Learn More','https://aioseo.com/new-query-arg-monitoring-for-improved-crawling-and-indexing/?utm_source=WordPress&utm_medium=plugin-notification&utm_campaign=aioseo-458-v4-x-lite','Get AIOSEO Pro','https://aioseo.com/lite-upgrade/?utm_source=WordPress&utm_medium=plugin-notification&utm_campaign=aioseo-458-v4-x-lite',0,0,'2024-03-29 08:44:16','2024-09-10 15:14:03'),
(45,'662860f4e3c03',NULL,'🌸 Get up to 70% off AIOSEO this Spring! 🌸','<p>Take advantage of our <strong><em>spring sale</em></strong> for AIOSEO Pro. <strong><em>Up to 70% off</em></strong> 🤯</p>\n\n<p>Amplify your online presence with advanced features that will transform your site into a dynamic, high-performing powerhouse, at a fraction of the cost!</p>\n\n<p>These massive discounts won\'t last long, so act now!</p>','success','[\"4-x\",\"lite\"]',1074,NULL,'2024-04-22 20:24:47','2024-04-26 00:00:00','Get AIOSEO Pro','https://aioseo.com/lite-upgrade/?utm_source=WordPress&utm_medium=plugin-notification&utm_campaign=spring-sale-v4-x-lite',NULL,NULL,0,0,'2024-04-24 01:31:32','2024-04-24 01:41:00'),
(46,'662860f4e575c',NULL,'The AIOSEO Broken Link Checker 1.2.0 is live ?!','<p>Now with 3 powerful new features to make broken link management much easier. Update and get:</p>\n\n<ul class=\"wp-block-list\">\n<li>? Unified URL UI Improvements</li>\n\n<li>✍️ Broken Links Highlighter</li>\n\n<li>⏪ AIOSEO Redirects Integration</li>\n</ul>\n\n<p>Check out our announcement post for more and upgrade today!</p>','success','[\"4-x\",\"lite\"]',1069,NULL,'2024-04-10 19:13:10',NULL,'Learn More','https://aioseo.com/easier-broken-link-management-with-3-new-features/?utm_source=WordPress&utm_medium=plugin-notification&utm_campaign=aioseo-460-blc-120-v4-x-lite','Get Broken Link Checker','https://aioseo.com/pricing-broken-link-checker/?utm_source=WordPress&utm_medium=plugin-notification&utm_campaign=aioseo-460-blc-120-v4-x-lite',0,0,'2024-04-24 01:31:32','2024-12-22 06:58:02'),
(47,'664dc8ba5f65c',NULL,'[NEW] Easier Site Connection to Google Search Console and Automatic Sitemap Syncing ?','<p>AIOSEO 4.6.2 is live ?!</p>\n\n<p>We’ve made it super easy to connect your site to <strong>Google Search Console</strong> — so simple that you don’t even need to mess with verification codes!</p>\n\n<p>We’ve also made sitemap management easy! Your sitemaps can now <strong><em>automatically sync with GSC</em></strong>. This means we\'ll make sure that Google knows about all the necessary sitemaps automatically!</p>\n\n<p>Check out our announcement post for more. ????</p>','success','[\"4-x\",\"lite\"]',1080,NULL,'2024-05-14 12:43:31',NULL,'Learn More','https://aioseo.com/easier-site-connection-to-google-search-console/?utm_source=WordPress&utm_medium=plugin-notification&utm_campaign=aioseo-462-v4-x-lite','Get AIOSEO Pro','https://aioseo.com/lite-upgrade/?utm_source=WordPress&utm_medium=plugin-notification&utm_campaign=aioseo-462-v4-x-lite',0,0,'2024-05-22 10:28:10','2024-12-22 06:58:02'),
(48,'6657aefee3907',NULL,'Have you connected your site to Google Search Console?','All in One SEO can now verify whether your site is correctly verified with Google Search Console and that your sitemaps have been submitted correctly. Connect with Google Search Console now to ensure your content is being added to Google as soon as possible for increased rankings.','warning','[\"all\"]',NULL,'search-console-site-not-connected','2024-05-29 22:41:02',NULL,'Connect to Google Search Console','https://route#aioseo-settings&aioseo-scroll=google-search-console-settings&aioseo-highlight=google-search-console-settings:webmaster-tools?activetool=googleSearchConsole',NULL,NULL,0,0,'2024-05-29 22:41:02','2024-05-29 22:41:02'),
(49,'667a0b31cfb44',NULL,'Have you heard? AIOSEO Acquires LowFruits to Boost Your SEO Power! ?','<p>We are thrilled to announce that AIOSEO has acquired LowFruits, a leading keyword research tool! ? This exciting partnership means even more advanced SEO capabilities are coming your way.</p>\n\n<p>Get ready to elevate your SEO game with the combined power of AIOSEO and LowFruits!</p>','success','[\"4-x\",\"lite\"]',1089,NULL,'2024-07-01 00:00:00',NULL,'Read the Announcement','https://aioseo.com/aioseo-acquires-lowfruits/?utm_source=WordPress&utm_medium=plugin-notification&utm_campaign=aioseo-lowfruits-v4-x-lite','Get AIOSEO Pro','https://aioseo.com/lite-upgrade/?utm_source=WordPress&utm_medium=plugin-notification&utm_campaign=aioseo-lowfruits-v4-x-lite',0,0,'2024-06-25 00:11:29','2025-05-02 06:08:04'),
(50,'667a0b31d03d1',NULL,'Celebrate AIOSEO\'s 17th Birthday with Up to 70% Off! 🎉','<p>Your favorite WordPress SEO plugin, AIOSEO, has just turned 17 <strong>🥳</strong>! And to celebrate, we’re offering you massive discounts on new plans and upgrades.&nbsp;</p>\n\n<p>This means you can <strong>save up to 70%</strong> and get advanced SEO features when you purchase TODAY!</p>\n\n<p>Now that’s a sweet deal!</p>','success','[\"4-x\",\"lite\"]',1086,NULL,'2024-06-24 19:39:24','2024-06-30 00:00:00','Get AIOSEO Pro','https://aioseo.com/lite-upgrade/?utm_source=WordPress&utm_medium=plugin-notification&utm_campaign=2024-birthday-sale-v4-x-lite',NULL,NULL,0,0,'2024-06-25 00:11:29','2024-06-29 01:31:01'),
(51,'66907400a4ba3',NULL,'🗣️ [New] Integration with Thrive Architect and SiteOrigin Page Builders in AIOSEO 4.6.6','<p>Is your website built using Thrive Architect or SiteOrigin?</p>\n\n<p>Then you’ll be glad to know that AIOSEO 4.6.6 was developed with love just for you!&nbsp;</p>\n\n<p>Now, you can use AIOSEO right inside your favorite site builder, making it easy to perform SEO tasks as you work on your posts or pages.</p>\n\n<p>So, go ahead and update to 4.6.6 and give your page builder that much-needed SEO superpower.</p>','success','[\"4-x\",\"lite\"]',1092,NULL,'2024-07-09 15:11:31',NULL,'Learn More','https://aioseo.com/new-support-for-thrive-architect-and-siteorigin-page-builders/?utm_source=WordPress&utm_medium=plugin-notification&utm_campaign=aioseo-466-v4-x-lite','Get AIOSEO Pro','https://aioseo.com/lite-upgrade/?utm_source=WordPress&utm_medium=plugin-notification&utm_campaign=aioseo-466-v4-x-lite',0,0,'2024-07-12 00:08:32','2024-09-10 15:14:03'),
(52,'66970cd4db845',NULL,'🎉 Celebrate World Emoji Day with Our Exclusive Flash Sale! 🎉','<img src=\"data:image/webp;base64,[encoded data, 7824 characters]\" alt=\"\" class=\"wp-image-1110\" />\n\n<p>Today only, we\'re offering you a <strong>special upgrade discount of up to 70%</strong>! 🌟 Don\'t miss out on this fantastic opportunity to enhance your SEO at a fraction of the cost.</p>\n\n<p><strong>Why Upgrade?</strong></p>\n\n<ol>\n<li>Unlock premium SEO features</li>\n\n<li>Get priority customer support</li>\n\n<li>Improve your chances of ranking higher on search engines</li>\n\n<li>Benefit from in-depth on-page analysis &amp; identify optimization opportunities</li>\n</ol>\n\n<p><strong>Hurry!</strong> This flash sale ends today.&nbsp;</p>\n\n<p>Upgrade your plan now and make the most of World Emoji Day! 🌍✨</p>','success','[\"4-x\",\"lite\"]',1100,NULL,'2024-07-17 00:00:00','2024-07-19 00:00:00','Get AIOSEO Pro','https://aioseo.com/lite-upgrade/?utm_source=WordPress&utm_medium=plugin-notification&utm_campaign=emoji-sale-v4-x-lite',NULL,NULL,0,0,'2024-07-17 00:14:12','2024-07-17 00:14:12'),
(53,'66a9e26e921cd',NULL,'Summer Sale 2024 🌞! Get Up to 70% Off AIOSEO 🥳 ','<img src=\"data:image/webp;base64,[encoded data, 6940 characters]\" alt=\"\" class=\"wp-image-1116\" />\n\n<p>Our Summer Sale is on 🥳. This is your chance to boost your SEO and <strong>save up to 70% on AIOSEO</strong>!&nbsp;</p>\n\n<p>Whether it’s a new purchase or an upgrade, you’ll unlock 🔓 POWERFUL FEATURES that will help you take your SEO game to the next level.</p>\n\n<p>Upgrade today before these discounts expire! ⏰</p>','success','[\"4-x\",\"lite\"]',1114,NULL,'2024-08-02 00:00:00','2024-08-09 00:00:00','Get AIOSEO Pro','https://aioseo.com/lite-upgrade/?utm_source=WordPress&utm_medium=plugin-notification&utm_campaign=summer-sale-v4-x-lite',NULL,NULL,0,0,'2024-07-31 07:06:22','2024-08-02 11:50:04'),
(54,'66bbf518e1dec',NULL,'[NEW] Powerful New Schema Types and Updates ? ?  ','<p>AIOSEO 4.6.8 is here ?</p>\n\n<p>And it’s packed with powerful new schema types to boost your content visibility:</p>\n\n<ol class=\"wp-block-list\">\n<li>Course Info Schema</li>\n\n<li>Product Review Schema</li>\n\n<li>Car (Vehicle Listing) Schema</li>\n\n<li>Table of Contents Schema</li>\n\n<li>Expanded Organization Schema</li>\n</ol>\n\n<p>We\'ve also enhanced schema visualization and updated existing schema types to match Google\'s latest guidelines.</p>\n\n<p>Ready to dominate SERPs?&nbsp;</p>\n\n<p>Update to AIOSEO 4.6.8 now and unlock these amazing features!</p>','success','[\"4-x\",\"lite\"]',1126,NULL,'2024-08-13 00:00:00',NULL,'Learn More','https://aioseo.com/announcing-aioseo-4-6-8-powerful-new-schema-types-and-updates?utm_source=WordPress&utm_medium=plugin-notification&utm_campaign=468-v4-x-lite','Get AIOSEO Pro','https://aioseo.com/lite-upgrade/?utm_source=WordPress&utm_medium=plugin-notification&utm_campaign=468-v4-x-lite',0,0,'2024-08-14 00:06:48','2025-05-02 06:08:04'),
(55,'66d117bdcbf01',NULL,'Great Savings This Labor Day! Get Up to 70% OFF 💰🤩','<img src=\"data:image/webp;base64,[encoded data, 5484 characters]\" alt=\"\" class=\"wp-image-1144\" />\n\n<p>Our Labor Day Sale is on 🥳. </p>\n\n<p>We honor the hard work you put into your site and want to help make it easier. That’s why we’re offering you a chance to unlock more SEO features by offering <strong>up to 70% off new plans and upgrades</strong>! 🥳</p>\n\n<p>Take your SEO game to the next level by working smarter, not harder—all thanks to AIOSEO, the world’s best WordPress SEO plugin.</p>\n\n<p>Upgrade today before these discounts expire! ⏳</p>','success','[\"4-x\",\"lite\"]',1138,NULL,'2024-09-02 00:00:00','2024-09-04 00:00:00','Get AIOSEO Pro','https://aioseo.com/lite-upgrade/?utm_source=WordPress&utm_medium=plugin-notification&utm_campaign=labor-day-sale-v4-x-lite',NULL,NULL,0,0,'2024-08-30 00:52:13','2024-09-02 09:59:36'),
(56,'66e2c9f113374',NULL,'[New] Keyword Rank Tracker: Track Your SEO Performance with Ease ?','<p>Drumroll, please! AIOSEO 4.7.0 has arrived with a super-awaited feature: the <strong>Keyword Rank Tracker</strong> ?</p>\n\n<p>Now, you can finally track your keyword performance with ease, right from your WordPress dashboard. No more guessing games!</p>\n\n<p>Key features:</p>\n\n<p>✅ Track up to 100 keywords<br>✅ Group keywords for better organization<br>✅ Seamless integration with post-meta box</p>\n\n<p>Get ready to dominate SERPs!</p>\n\n<p><strong>Update to AIOSEO 4.7.0 now and unlock this SEO powerhouse.</strong></p>','success','[\"4-x\",\"lite\"]',1148,NULL,'2024-09-10 00:00:00',NULL,'Learn More','https://aioseo.com/new-track-your-keywords-effortlessly-in-wordpress-with-aioseo-4-7-0/?utm_source=WordPress&utm_medium=plugin-notification&utm_campaign=aioseo-470-v4-x-lite','Get AIOSEO Pro','https://aioseo.com/lite-upgrade/?utm_source=WordPress&utm_medium=plugin-notification&utm_campaign=aioseo-470-v4-x-lite',0,0,'2024-09-12 11:01:05','2025-05-07 12:03:52'),
(57,'6704ea219328e',NULL,'[New] SEO Email Reports and Bulk CSV Imports/Exports to Enhance SEO Management','<p>🚀 New Feature Alert! </p>\n\n<p>AIOSEO 4.7.2 just dropped with two killer features - </p>\n\n<ol class=\"wp-block-list\">\n<li><strong>SEO Email Reports</strong><br>👋 Say goodbye to manual SEO performance tracking and hello to laser-focused insights delivered straight to your inbox! 📥</li>\n\n<li><strong>Bulk CSV Import/Export</strong><br>⚡️The new Bulk CSV tool lets you manage settings across your entire site in a snap. 🔄 Export, edit, and import easily – it\'s like having an SEO superpower at your fingertips! 💪</li>\n</ol>\n\n<p>Update to AIOSEO 4.7.2 now and unlock these game-changing features!</p>\n\n<p></p>','success','[\"4-x\",\"lite\"]',1156,NULL,'2024-10-08 00:00:00',NULL,'Learn More','https://aioseo.com/new-seo-email-reports-and-bulk-csv-imports/?utm_source=WordPress&utm_medium=plugin-notification&utm_campaign=472-v4-x-lite','Get AIOSEO Pro','https://aioseo.com/lite-upgrade/?utm_source=WordPress&utm_medium=plugin-notification&utm_campaign=472-v4-x-lite',0,0,'2024-10-08 08:15:29','2025-05-07 12:03:52'),
(58,'6721f5cff1cab',NULL,'Fall Sale 2024 🍁 Get Up to 70% Off AIOSEO!','<p>🍂 Our <strong>Fall Sale is here</strong>—and it’s your golden opportunity to supercharge your SEO!&nbsp;</p>\n\n<p>For a limited time, you can get <strong>up to 70% off</strong> on AIOSEO when you get a new plan or upgrade your current one.</p>\n\n<p>Unlock <strong>POWERFUL FEATURES</strong> that elevate your SEO game and enhance your site’s performance. 🚀</p>','success','[\"4-x\",\"lite\"]',1159,NULL,'2024-10-25 00:00:00','2024-11-01 00:00:00','Get AIOSEO Pro','https://aioseo.com/lite-upgrade/?utm_source=WordPress&utm_medium=plugin-notification&utm_campaign=silent-fall-sale-v4-x-lite',NULL,NULL,0,0,'2024-10-30 09:01:03','2024-10-30 09:01:03'),
(59,'672c1351236b2',NULL,'[New] Meet Your New Writing Assistant ✍️!','<p>🚀 New Feature Alert!&nbsp;</p>\n\n<p>We\'re thrilled to announce the release of our groundbreaking feature —<strong>Writing Assistant</strong>, powered by AIOSEO and SEOBoost 🥳</p>\n\n<p><strong>The Writing Assistant is your new personal guide to crafting SEO-friendly content right inside WordPress! 📝 </strong></p>\n\n<p>No more guesswork—just optimized content that ranks.</p>\n\n<p>Update to AIOSEO 4.7.4 now and unlock this revolutionary superpower!</p>','success','[\"4-x\",\"lite\"]',1166,NULL,'2024-11-05 00:00:00',NULL,'Learn More','https://aioseo.com/new-revolutionize-your-content-creation-with-aioseos-writing-assistant/?utm_source=WordPress&utm_medium=plugin-notification&utm_campaign=474-v4-x-lite','Get AIOSEO Pro','https://aioseo.com/lite-upgrade/?utm_source=WordPress&utm_medium=plugin-notification&utm_campaign=474-v4-x-lite',0,0,'2024-11-07 01:09:37','2025-05-07 12:03:52'),
(60,'6745c86ff09ad',NULL,'It’s Black Friday! Get Up to 70% OFF 💰','<img src=\"data:image/webp;base64,[encoded data, 58112 characters]\" alt=\"\" class=\"wp-image-1177\" />\n\n<p>It\'s the perfect time to supercharge your website\'s SEO. 🔋</p>\n\n<p><strong>Get up to 70% OFF</strong> on all new purchases and upgrades of AIOSEO. That\'s right, you can save BIG on the ultimate SEO solution.</p>\n\n<p>🤩 What\'s in it for you?</p>\n\n<ul class=\"wp-block-list\">\n<li><strong>Dominate Search Results:</strong> Boost your website\'s visibility and attract more organic traffic.</li>\n\n<li><strong>Skyrocket Your Rankings:</strong> Climb higher on Google and other search engines.</li>\n\n<li><strong>Effortless SEO:</strong> Simplify your SEO tasks with AI-powered tools.</li>\n\n<li><strong>Expert Support:</strong> Get 24/7 support from our SEO experts.</li>\n</ul>\n\n<p>Don\'t miss this golden opportunity! Upgrade your plan or purchase a new license today. </p>\n\n<p>This Black Friday Sale is your golden ticket to level up your SEO and crush search rankings! 🖤</p>','success','[\"4-x\",\"lite\"]',1176,NULL,'2024-11-25 00:00:00','2024-12-02 00:00:00','Get AIOSEO Pro','https://aioseo.com/lite-upgrade/?utm_source=WordPress&utm_medium=plugin-notification&utm_campaign=black-friday-24-v4-x-lite',NULL,NULL,0,0,'2024-11-26 13:09:03','2024-12-01 22:58:38'),
(61,'674aa1afafa24',NULL,'Cyber Monday Madness (Up To 70% Off AIOSEO) 🤩','<img src=\"data:image/webp;base64,[encoded data, 26060 characters]\" alt=\"\" class=\"wp-image-1185\" />\n\n<p><strong>Cyber Monday is here!</strong> The deals are still hot! 🔥</p>\n\n<p><strong>Save up to 70%</strong> on AIOSEO. It\'s the perfect time to level up your SEO game.</p>\n\n<p><strong>Why choose AIOSEO?</strong></p>\n\n<ul class=\"wp-block-list\">\n<li><strong>Easy-to-use:</strong> No technical expertise required.</li>\n\n<li><strong>Powerful features:</strong> Advanced SEO tools at your fingertips.</li>\n\n<li><strong>Expert support:</strong> Get help from our SEO pros.</li>\n</ul>\n\n<p><strong>Don\'t miss out!</strong> Upgrade your plan or purchase a new license today.</p>','success','[\"4-x\",\"lite\"]',1184,NULL,'2024-12-02 00:00:00','2024-12-06 00:00:00','Get AIOSEO Pro','https://aioseo.com/lite-upgrade/?utm_source=WordPress&utm_medium=plugin-notification&utm_campaign=black-friday-24-v4-x-lite',NULL,NULL,0,0,'2024-11-30 05:25:03','2024-12-05 03:01:08'),
(62,'6758e602b2e68',NULL,'BuddyPress, Web Stories, and Enhanced Author SEO — An All in One Update! 🚀!','<p>We just released AIOSEO 4.7.6 and it’s loaded with some exciting updates!</p>\n\n<p>The top ones include:<br><br>🤩 <strong>BuddyPress Integration:</strong> Fully optimize SEO settings for BuddyPress content types, including user profiles, activity streams, and more.<br>🤩 <strong>Google Web Stories Integration:</strong> Take full control of your SEO settings for Web Stories, resulting in more eyeballs on your content.<br>🤩 <strong>Author SEO Improvements:</strong> Effortlessly showcase Google\'s E-E-A-T guidelines and boost your site\'s credibility.</p>\n\n<p>Update to AIOSEO 4.7.6 now and take your SEO to another level 💪🏼</p>','success','[\"4-x\",\"lite\"]',1192,NULL,'2024-12-12 00:00:00',NULL,'Learn More','https://aioseo.com/new-aioseo-4-7-6-buddypress-web-stories-integration-author-seo-improvements?utm_source=WordPress&utm_medium=plugin-notification&utm_campaign=476-v4-x-lite','Get AIOSEO Pro','https://aioseo.com/lite-upgrade/?utm_source=WordPress&utm_medium=plugin-notification&utm_campaign=476-v4-x-lite',0,0,'2024-12-11 01:08:18','2025-05-07 12:03:52'),
(63,'67870a490fc9e',NULL,'Raporty o e-mailach','Stay ahead in SEO with our new email digest! Get the latest tips, trends, and tools delivered right to your inbox, helping you optimize smarter and faster. Enable it today and never miss an update that can take your rankings to the next level.','info','[\"all\"]',NULL,'email-reports-enable-reminder','2025-01-15 01:07:21',NULL,'Enable Email Reports','https://route#aioseo-settings&aioseo-scroll=aioseo-email-summary-row&aioseo-highlight=aioseo-email-summary-row:advanced','All Good, I\'m already getting it','http://action#notification/email-reports-enable',0,0,'2025-01-15 01:07:21','2025-01-15 01:07:21'),
(64,'6791ec3cc268d',NULL,'❄️ Winter Sale is Here! AIOSEO Up to 70% Off ☃️','<img src=\"data:image/webp;base64,[encoded data, 8952 characters]\" alt=\"\" class=\"wp-image-1207\"/>\n\n<p>⛷️ Winter Savings Alert!&nbsp;</p>\n\n<p>Save up to 70% on AIOSEO and give your site the SEO boost it deserves!&nbsp;</p>\n\n<p>Need a new plan, or thinking of upgrading?&nbsp;</p>\n\n<p>🔓 Unlock powerful pro-level features and dominate search results! Don’t miss out—start the year right—save BIG!</p>\n\n<p></p>','success','[\"4-x\",\"lite\"]',1201,NULL,'2025-01-20 00:00:00','2025-01-27 00:00:00','Get AIOSEO Pro','https://aioseo.com/lite-upgrade/?utm_source=WordPress&utm_medium=plugin-notification&utm_campaign=winter-sale-25-v4-x-lite',NULL,NULL,0,0,'2025-01-23 07:14:04','2025-01-25 22:15:02'),
(65,'679b3fd0b0b92',NULL,'[New] Smarter Keyword Rank Tracking &amp; WooCommerce SEO Made Easy!🤩','<p>We just released AIOSEO 4.7.8 and it’s loaded with some exciting updates!</p>\n\n<p>The top ones include:</p>\n\n<p>👉🏼 <strong>Smarter Keyword Rank Tracker</strong>: Our Keyword Rank Tracker just got some massive upgrades you don’t want to miss. Now you can get related keywords, import keywords from GSC and more.</p>\n\n<p>👉🏼 <strong>Support for WooCommerce Product Attributes</strong>: Setting product attributes in WordPress just got way easier. Plus, you can also export product attributes! </p>\n\n<p>Update to AIOSEO 4.7.8 now and take your SEO to another level.</p>','success','[\"4-x\",\"lite\"]',1213,NULL,'2025-01-28 00:00:00',NULL,'Learn More','https://aioseo.com/smarter-keyword-rank-tracking-woocommerce-seo-made-easy/?utm_source=WordPress&utm_medium=plugin-notification&utm_campaign=478-v4-x-lite','Get AIOSEO Pro','https://aioseo.com/lite-upgrade/?utm_source=WordPress&utm_medium=plugin-notification&utm_campaign=478-v4-x-lite',0,0,'2025-01-30 09:01:04','2025-05-07 12:03:52'),
(66,'67d22fe48faa2',NULL,'[New] Supercharged Crawl Cleanup and Query Arg Monitoring! 🚀','<p>Is your WordPress site slowing down? Or are AI bots scraping your content? 🧐</p>\n\n<p><strong>AIOSEO 4.8.0 puts you in control with</strong>:<br>🧹 <strong>Supercharged Crawl Cleanup</strong> – Stop search engines from indexing unnecessary URLs.<br>📊 <strong>Advanced Query Monitoring</strong> – Optimize UTM parameters automatically.<br>🛡️ <strong>Bot Control</strong> – Block unauthorized AI crawlers.<br>🔍 <strong>Internal Search Optimization</strong> – Prevent spam &amp; boost performance.<br><br>🔥 Keep your site fast, secure, and SEO-friendly. Update now! 🚀</p>','success','[\"4-x\",\"lite\"]',1222,NULL,'2025-03-11 00:00:00',NULL,'Learn More','https://aioseo.com/introducing-aioseo-4-8-0-advanced-crawl-features/?utm_source=WordPress&utm_medium=plugin-notification&utm_campaign=480-v4-x-lite','Get AIOSEO Pro','https://aioseo.com/lite-upgrade/?utm_source=WordPress&utm_medium=plugin-notification&utm_campaign=480-v4-x-lite',0,0,'2025-03-13 01:07:48','2025-05-07 12:03:52'),
(67,'681619a5d505b',NULL,'Spring Sale 2025! Get Up to 70% Off AIOSEO','<img src=\"data:image/webp;base64,[encoded data, 10796 characters]\" alt=\"\" class=\"wp-image-1240\"/>\n\n<p>Save up to 70% OFF on AIOSEO &amp; give your website a vibrant boost this spring!&nbsp;</p>\n\n<p>Ready for new growth? Whether you need a fresh plan or a powerful upgrade...</p>\n\n<p>🔓 Unlock pro-level features and cultivate top search rankings! Don\'t let this season of savings pass you by!</p>','success','[\"4-x\",\"lite\"]',1239,NULL,'2025-05-01 00:00:00','2025-05-08 00:00:00','Get AIOSEO Pro','https://aioseo.com/lite-upgrade/?utm_source=WordPress&utm_medium=plugin-notification&utm_campaign=spring-sale-2025-v4-x-lite',NULL,NULL,0,0,'2025-05-03 13:27:01','2025-05-07 12:03:52');
